{"id":1675,"date":"2020-12-18T12:06:52","date_gmt":"2020-12-18T10:06:52","guid":{"rendered":"https:\/\/etno.net\/?post_type=product&#038;p=1675"},"modified":"2021-12-15T09:39:37","modified_gmt":"2021-12-15T07:39:37","slug":"suden-aika-armas","status":"publish","type":"product","link":"https:\/\/etno.net\/en\/julkaisu\/aanitteet\/suden-aika-armas","title":{"rendered":"Suden Aika: Armas"},"content":{"rendered":"<p><strong>1. Suen synty<\/strong><\/p>\n<!--[if lt IE 9]><script>document.createElement('audio');<\/script><![endif]-->\n<audio class=\"wp-audio-shortcode\" id=\"audio-1675-1\" preload=\"none\" style=\"width: 100%;\" controls=\"controls\"><source type=\"audio\/mpeg\" src=\"https:\/\/etno.net\/wp-content\/uploads\/2020\/12\/Suden_Aika_-_01_-_Suen_synty.mp3?_=1\" \/><a href=\"https:\/\/etno.net\/wp-content\/uploads\/2020\/12\/Suden_Aika_-_01_-_Suen_synty.mp3\">https:\/\/etno.net\/wp-content\/uploads\/2020\/12\/Suden_Aika_-_01_-_Suen_synty.mp3<\/a><\/audio>\n<p>S\u00e4v. Tellu Turkka, san. trad.<\/p>\n<p><strong>2. Telkk\u00e4<\/strong><br \/>\nS\u00e4v. Liisa Matveinen, san. trad., Liisa Matveinen<\/p>\n<p><strong>3. Tammi<\/strong><br \/>\nS\u00e4v. Liisa Matveinen, san. trad.<\/p>\n<p><strong>4. Sade<\/strong><br \/>\nS\u00e4v. Veera Voima, san. trad.<\/p>\n<p><strong>5. Pakkanen<\/strong><br \/>\nS\u00e4v. Veera Voima, san. trad., Veera voima.<\/p>\n<p><strong>6. H\u00e4k\u00e4r\u00e4<\/strong><\/p>\n<audio class=\"wp-audio-shortcode\" id=\"audio-1675-2\" preload=\"none\" style=\"width: 100%;\" controls=\"controls\"><source type=\"audio\/mpeg\" src=\"https:\/\/etno.net\/wp-content\/uploads\/2020\/12\/Suden_Aika_-_06_-_Hakara.mp3?_=2\" \/><a href=\"https:\/\/etno.net\/wp-content\/uploads\/2020\/12\/Suden_Aika_-_06_-_Hakara.mp3\">https:\/\/etno.net\/wp-content\/uploads\/2020\/12\/Suden_Aika_-_06_-_Hakara.mp3<\/a><\/audio>\n<p>S\u00e4v. Veera Voima, san. trad.<\/p>\n<p><strong>7. Aallotar<\/strong><br \/>\nS\u00e4v. Tellu Turkka, san. trad., Tellu Turkka<\/p>\n<p><strong>8. Armas<\/strong><br \/>\nS\u00e4v. Nora Vaura, san. trad.<\/p>\n<p><strong>9. Tantsi<\/strong><br \/>\nS\u00e4v. Nora Vaura, san. trad., Nora Vaura<\/p>\n<p><strong>10. Noitia Norolla<\/strong><br \/>\nS\u00e4v. Liisa Matveinen, san. trad.<\/p>\n<p><strong>11. Sinisiipi<\/strong><br \/>\nS\u00e4v. Nora Vaura, san. trad., Nora Vaura.<\/p>\n<p><strong>12. Min\u00e4 Laulan<\/strong><\/p>\n<audio class=\"wp-audio-shortcode\" id=\"audio-1675-3\" preload=\"none\" style=\"width: 100%;\" controls=\"controls\"><source type=\"audio\/mpeg\" src=\"https:\/\/etno.net\/wp-content\/uploads\/2020\/12\/Suden_Aika_-_12_-_Mina_laulan.mp3?_=3\" \/><a href=\"https:\/\/etno.net\/wp-content\/uploads\/2020\/12\/Suden_Aika_-_12_-_Mina_laulan.mp3\">https:\/\/etno.net\/wp-content\/uploads\/2020\/12\/Suden_Aika_-_12_-_Mina_laulan.mp3<\/a><\/audio>\n<p>S\u00e4v. Tellu Turkka, san. Tellu Turkka.<\/p>\n","protected":false},"excerpt":{"rendered":"<p>Tuottaja: Timo Alakotila<br \/>\n\u00c4\u00e4nitys Vesa Norilo<br \/>\nMiksaus Vesa Norilo<br \/>\nMasterinti Minerva Paippi, Finnvox<\/p>\n<p>Katariina Airas: laulu, moraharppu, udu<br \/>\nLiisa Matveinen: laulu, kantele<br \/>\nNora Vaura: laulu, huilut, mbira, udu, tiibettil\u00e4iset maljat<br \/>\nVeera Voima: laulu, pitk\u00e4huilu, shamaanirumpu, sheikkeri, pienet kellot<\/p>","protected":false},"featured_media":1676,"comment_status":"closed","ping_status":"closed","template":"","meta":{"_acf_changed":false},"product_brand":[],"product_cat":[65],"product_tag":[],"class_list":{"0":"post-1675","1":"product","2":"type-product","3":"status-publish","4":"has-post-thumbnail","6":"product_cat-aanitteet","8":"first","9":"instock","10":"shipping-taxable","11":"product-type-simple"},"acf":[],"_links":{"self":[{"href":"https:\/\/etno.net\/en\/wp-json\/wp\/v2\/product\/1675","targetHints":{"allow":["GET"]}}],"collection":[{"href":"https:\/\/etno.net\/en\/wp-json\/wp\/v2\/product"}],"about":[{"href":"https:\/\/etno.net\/en\/wp-json\/wp\/v2\/types\/product"}],"replies":[{"embeddable":true,"href":"https:\/\/etno.net\/en\/wp-json\/wp\/v2\/comments?post=1675"}],"wp:featuredmedia":[{"embeddable":true,"href":"https:\/\/etno.net\/en\/wp-json\/wp\/v2\/media\/1676"}],"wp:attachment":[{"href":"https:\/\/etno.net\/en\/wp-json\/wp\/v2\/media?parent=1675"}],"wp:term":[{"taxonomy":"product_brand","embeddable":true,"href":"https:\/\/etno.net\/en\/wp-json\/wp\/v2\/product_brand?post=1675"},{"taxonomy":"product_cat","embeddable":true,"href":"https:\/\/etno.net\/en\/wp-json\/wp\/v2\/product_cat?post=1675"},{"taxonomy":"product_tag","embeddable":true,"href":"https:\/\/etno.net\/en\/wp-json\/wp\/v2\/product_tag?post=1675"}],"curies":[{"name":"wp","href":"https:\/\/api.w.org\/{rel}","templated":true}]}}

<p><strong>1. Suen synty</strong></p>
<!--[if lt IE 9]><script>document.createElement('audio');</script><![endif]-->
<audio class="wp-audio-shortcode" id="audio-1675-1" preload="none" style="width: 100%;" controls="controls"><source type="audio/mpeg" src="https://etno.net/wp-content/uploads/2020/12/Suden_Aika_-_01_-_Suen_synty.mp3?_=1" /><a href="https://etno.net/wp-content/uploads/2020/12/Suden_Aika_-_01_-_Suen_synty.mp3">https://etno.net/wp-content/uploads/2020/12/Suden_Aika_-_01_-_Suen_synty.mp3</a></audio>
<p>Säv. Tellu Turkka, san. trad.</p>
<p><strong>2. Telkkä</strong><br />
Säv. Liisa Matveinen, san. trad., Liisa Matveinen</p>
<p><strong>3. Tammi</strong><br />
Säv. Liisa Matveinen, san. trad.</p>
<p><strong>4. Sade</strong><br />
Säv. Veera Voima, san. trad.</p>
<p><strong>5. Pakkanen</strong><br />
Säv. Veera Voima, san. trad., Veera voima.</p>
<p><strong>6. Häkärä</strong></p>
<audio class="wp-audio-shortcode" id="audio-1675-2" preload="none" style="width: 100%;" controls="controls"><source type="audio/mpeg" src="https://etno.net/wp-content/uploads/2020/12/Suden_Aika_-_06_-_Hakara.mp3?_=2" /><a href="https://etno.net/wp-content/uploads/2020/12/Suden_Aika_-_06_-_Hakara.mp3">https://etno.net/wp-content/uploads/2020/12/Suden_Aika_-_06_-_Hakara.mp3</a></audio>
<p>Säv. Veera Voima, san. trad.</p>
<p><strong>7. Aallotar</strong><br />
Säv. Tellu Turkka, san. trad., Tellu Turkka</p>
<p><strong>8. Armas</strong><br />
Säv. Nora Vaura, san. trad.</p>
<p><strong>9. Tantsi</strong><br />
Säv. Nora Vaura, san. trad., Nora Vaura</p>
<p><strong>10. Noitia Norolla</strong><br />
Säv. Liisa Matveinen, san. trad.</p>
<p><strong>11. Sinisiipi</strong><br />
Säv. Nora Vaura, san. trad., Nora Vaura.</p>
<p><strong>12. Minä Laulan</strong></p>
<audio class="wp-audio-shortcode" id="audio-1675-3" preload="none" style="width: 100%;" controls="controls"><source type="audio/mpeg" src="https://etno.net/wp-content/uploads/2020/12/Suden_Aika_-_12_-_Mina_laulan.mp3?_=3" /><a href="https://etno.net/wp-content/uploads/2020/12/Suden_Aika_-_12_-_Mina_laulan.mp3">https://etno.net/wp-content/uploads/2020/12/Suden_Aika_-_12_-_Mina_laulan.mp3</a></audio>
<p>Säv. Tellu Turkka, san. Tellu Turkka.</p>

<p>Tuottaja: Timo Alakotila<br />
Äänitys Vesa Norilo<br />
Miksaus Vesa Norilo<br />
Masterinti Minerva Paippi, Finnvox</p>
<p>Katariina Airas: laulu, moraharppu, udu<br />
Liisa Matveinen: laulu, kantele<br />
Nora Vaura: laulu, huilut, mbira, udu, tiibettiläiset maljat<br />
Veera Voima: laulu, pitkähuilu, shamaanirumpu, sheikkeri, pienet kellot</p>
