{"id":1725,"date":"2020-12-22T12:05:18","date_gmt":"2020-12-22T10:05:18","guid":{"rendered":"https:\/\/etno.net\/?post_type=product&#038;p=1725"},"modified":"2021-11-19T15:29:00","modified_gmt":"2021-11-19T13:29:00","slug":"kanteleen-kyydissa","status":"publish","type":"product","link":"https:\/\/etno.net\/en\/julkaisu\/aanitteet\/kanteleen-kyydissa","title":{"rendered":"Kanteleen kyydiss\u00e4"},"content":{"rendered":"<p><strong>1. Kanteleeni k\u00e4ynnist\u00e4n<\/strong><\/p>\n<!--[if lt IE 9]><script>document.createElement('audio');<\/script><![endif]-->\n<audio class=\"wp-audio-shortcode\" id=\"audio-1725-1\" preload=\"none\" style=\"width: 100%;\" controls=\"controls\"><source type=\"audio\/mpeg\" src=\"https:\/\/etno.net\/wp-content\/uploads\/2020\/12\/kanteleeni_kaynnistan.mp3?_=1\" \/><a href=\"https:\/\/etno.net\/wp-content\/uploads\/2020\/12\/kanteleeni_kaynnistan.mp3\">https:\/\/etno.net\/wp-content\/uploads\/2020\/12\/kanteleeni_kaynnistan.mp3<\/a><\/audio>\n<p><strong>2. Matkaan<\/strong><\/p>\n<audio class=\"wp-audio-shortcode\" id=\"audio-1725-2\" preload=\"none\" style=\"width: 100%;\" controls=\"controls\"><source type=\"audio\/mpeg\" src=\"https:\/\/etno.net\/wp-content\/uploads\/2020\/12\/matkaan.mp3?_=2\" \/><a href=\"https:\/\/etno.net\/wp-content\/uploads\/2020\/12\/matkaan.mp3\">https:\/\/etno.net\/wp-content\/uploads\/2020\/12\/matkaan.mp3<\/a><\/audio>\n<p><strong>3. Johtolankoja<\/strong><\/p>\n<audio class=\"wp-audio-shortcode\" id=\"audio-1725-3\" preload=\"none\" style=\"width: 100%;\" controls=\"controls\"><source type=\"audio\/mpeg\" src=\"https:\/\/etno.net\/wp-content\/uploads\/2020\/12\/johtolankoja.mp3?_=3\" \/><a href=\"https:\/\/etno.net\/wp-content\/uploads\/2020\/12\/johtolankoja.mp3\">https:\/\/etno.net\/wp-content\/uploads\/2020\/12\/johtolankoja.mp3<\/a><\/audio>\n<p><strong>4. Kirppupolkka<\/strong><br \/>\n<strong>5. Karhun kantele<\/strong><br \/>\n<strong>6. Ihmetyksi\u00e4<\/strong><br \/>\n<strong>7. Villill\u00e4 tuulella<\/strong><br \/>\n<strong>8. Sentti<\/strong><br \/>\n<strong>9. Yst\u00e4v\u00e4ni<\/strong><br \/>\n<strong>10. Katso koivu minua<\/strong><br \/>\n<strong>11. Eksynyt ja n\u00e4lk\u00e4inen<\/strong><br \/>\n<strong>12. Kiire<\/strong><br \/>\n<strong>13. Kotia<\/strong><br \/>\n<strong>14. Kiitos<\/strong><\/p>\n","protected":false},"excerpt":{"rendered":"<div class=\"field field-name-body field-type-text-with-summary field-label-hidden\">\n<div class=\"field-items\">\n<div class=\"field-item even\">\n<p>Kanteleen kyydiss\u00e4 -konserttikokonaisuus sis\u00e4lt\u00e4\u00e4 upouusia Eppu Nuotion sanoittamia ja Vilma Timosen s\u00e4velt\u00e4mi\u00e4 ja uuden kansanmusiikin ja jazzin eturivin muusikoiden sovittamia lastenlauluja.<\/p>\n<\/div>\n<\/div>\n<\/div>\n<div class=\"field field-name-field-kamucd-kuv-kirjoittaja field-type-text field-label-hidden\">\n<div class=\"field-items\"><em>Vilma Timonen<\/em><\/div>\n<\/div>\n<div><\/div>\n<div><\/div>\n<div>Kappaleiden s\u00e4vellys Vilma Timonen<br \/>\nSovitukset Kanteleen kyydiss\u00e4 &#8211; orkesteri<\/div>\n<div>\n<div class=\"field field-name-field-kamucd-yht-kokoonpano field-type-text-long field-label-inline clearfix\">\n<div class=\"field-items\">\n<div class=\"field-item even\">\n<p>Eppu Nuotio, laulujen tekstit<br \/>\nVilma Timonen, s\u00e4vellys, laulu, kanteleet<br \/>\nIlkka Heinonen, kontrabasso, jouhikko, laulu<br \/>\nTuomas Timonen, rummut, perkussiot<br \/>\nMilla Viljamaa, piano, harmooni, melodica<\/p>\n<p>Topi Korhonen, trumpetti (2,13,14)<br \/>\nKukka Lehto, viulu (1,6,7,14)<\/p>\n<\/div>\n<\/div>\n<\/div>\n<div class=\"field field-name-field-kamucd-raidat field-type-text-long field-label-hidden\">\n<div class=\"field-items\">\n<div class=\"field-item even\">\u00c4\u00e4nitys: Kimmo Antikainen ja Taito Hoffr\u00e9n<br \/>\nMiksaus: Kalle Vanhapelto ja Taito Hoffr\u00e9n<br \/>\nMasterointi: Taito Hoffr\u00e9n<br \/>\nKannet: Jaakko Ruuttunen<\/div>\n<\/div>\n<\/div>\n<\/div>","protected":false},"featured_media":1726,"comment_status":"closed","ping_status":"closed","template":"","meta":{"_acf_changed":false},"product_brand":[],"product_cat":[65],"product_tag":[],"class_list":{"0":"post-1725","1":"product","2":"type-product","3":"status-publish","4":"has-post-thumbnail","6":"product_cat-aanitteet","8":"first","9":"instock","10":"shipping-taxable","11":"product-type-simple"},"acf":[],"_links":{"self":[{"href":"https:\/\/etno.net\/en\/wp-json\/wp\/v2\/product\/1725","targetHints":{"allow":["GET"]}}],"collection":[{"href":"https:\/\/etno.net\/en\/wp-json\/wp\/v2\/product"}],"about":[{"href":"https:\/\/etno.net\/en\/wp-json\/wp\/v2\/types\/product"}],"replies":[{"embeddable":true,"href":"https:\/\/etno.net\/en\/wp-json\/wp\/v2\/comments?post=1725"}],"wp:featuredmedia":[{"embeddable":true,"href":"https:\/\/etno.net\/en\/wp-json\/wp\/v2\/media\/1726"}],"wp:attachment":[{"href":"https:\/\/etno.net\/en\/wp-json\/wp\/v2\/media?parent=1725"}],"wp:term":[{"taxonomy":"product_brand","embeddable":true,"href":"https:\/\/etno.net\/en\/wp-json\/wp\/v2\/product_brand?post=1725"},{"taxonomy":"product_cat","embeddable":true,"href":"https:\/\/etno.net\/en\/wp-json\/wp\/v2\/product_cat?post=1725"},{"taxonomy":"product_tag","embeddable":true,"href":"https:\/\/etno.net\/en\/wp-json\/wp\/v2\/product_tag?post=1725"}],"curies":[{"name":"wp","href":"https:\/\/api.w.org\/{rel}","templated":true}]}}

Kanteleen kyydissä

<p><strong>1. Kanteleeni käynnistän</strong></p>
<!--[if lt IE 9]><script>document.createElement('audio');</script><![endif]-->
<audio class="wp-audio-shortcode" id="audio-1725-1" preload="none" style="width: 100%;" controls="controls"><source type="audio/mpeg" src="https://etno.net/wp-content/uploads/2020/12/kanteleeni_kaynnistan.mp3?_=1" /><a href="https://etno.net/wp-content/uploads/2020/12/kanteleeni_kaynnistan.mp3">https://etno.net/wp-content/uploads/2020/12/kanteleeni_kaynnistan.mp3</a></audio>
<p><strong>2. Matkaan</strong></p>
<audio class="wp-audio-shortcode" id="audio-1725-2" preload="none" style="width: 100%;" controls="controls"><source type="audio/mpeg" src="https://etno.net/wp-content/uploads/2020/12/matkaan.mp3?_=2" /><a href="https://etno.net/wp-content/uploads/2020/12/matkaan.mp3">https://etno.net/wp-content/uploads/2020/12/matkaan.mp3</a></audio>
<p><strong>3. Johtolankoja</strong></p>
<audio class="wp-audio-shortcode" id="audio-1725-3" preload="none" style="width: 100%;" controls="controls"><source type="audio/mpeg" src="https://etno.net/wp-content/uploads/2020/12/johtolankoja.mp3?_=3" /><a href="https://etno.net/wp-content/uploads/2020/12/johtolankoja.mp3">https://etno.net/wp-content/uploads/2020/12/johtolankoja.mp3</a></audio>
<p><strong>4. Kirppupolkka</strong><br />
<strong>5. Karhun kantele</strong><br />
<strong>6. Ihmetyksiä</strong><br />
<strong>7. Villillä tuulella</strong><br />
<strong>8. Sentti</strong><br />
<strong>9. Ystäväni</strong><br />
<strong>10. Katso koivu minua</strong><br />
<strong>11. Eksynyt ja nälkäinen</strong><br />
<strong>12. Kiire</strong><br />
<strong>13. Kotia</strong><br />
<strong>14. Kiitos</strong></p>

<div class="field field-name-body field-type-text-with-summary field-label-hidden">
<div class="field-items">
<div class="field-item even">
<p>Kanteleen kyydissä -konserttikokonaisuus sisältää upouusia Eppu Nuotion sanoittamia ja Vilma Timosen säveltämiä ja uuden kansanmusiikin ja jazzin eturivin muusikoiden sovittamia lastenlauluja.</p>
</div>
</div>
</div>
<div class="field field-name-field-kamucd-kuv-kirjoittaja field-type-text field-label-hidden">
<div class="field-items"><em>Vilma Timonen</em></div>
</div>
<div></div>
<div></div>
<div>Kappaleiden sävellys Vilma Timonen<br />
Sovitukset Kanteleen kyydissä &#8211; orkesteri</div>
<div>
<div class="field field-name-field-kamucd-yht-kokoonpano field-type-text-long field-label-inline clearfix">
<div class="field-items">
<div class="field-item even">
<p>Eppu Nuotio, laulujen tekstit<br />
Vilma Timonen, sävellys, laulu, kanteleet<br />
Ilkka Heinonen, kontrabasso, jouhikko, laulu<br />
Tuomas Timonen, rummut, perkussiot<br />
Milla Viljamaa, piano, harmooni, melodica</p>
<p>Topi Korhonen, trumpetti (2,13,14)<br />
Kukka Lehto, viulu (1,6,7,14)</p>
</div>
</div>
</div>
<div class="field field-name-field-kamucd-raidat field-type-text-long field-label-hidden">
<div class="field-items">
<div class="field-item even">Äänitys: Kimmo Antikainen ja Taito Hoffrén<br />
Miksaus: Kalle Vanhapelto ja Taito Hoffrén<br />
Masterointi: Taito Hoffrén<br />
Kannet: Jaakko Ruuttunen</div>
</div>
</div>
</div>
