{"id":1735,"date":"2020-12-22T12:16:06","date_gmt":"2020-12-22T10:16:06","guid":{"rendered":"https:\/\/etno.net\/?post_type=product&#038;p=1735"},"modified":"2022-08-17T19:29:32","modified_gmt":"2022-08-17T17:29:32","slug":"nomas-flow","status":"publish","type":"product","link":"https:\/\/etno.net\/en\/julkaisu\/aanitteet\/nomas-flow","title":{"rendered":"Nomas: Flow"},"content":{"rendered":"<p><strong>1. Flow<\/strong><\/p>\n<!--[if lt IE 9]><script>document.createElement('audio');<\/script><![endif]-->\n<audio class=\"wp-audio-shortcode\" id=\"audio-1735-1\" preload=\"none\" style=\"width: 100%;\" controls=\"controls\"><source type=\"audio\/mpeg\" src=\"https:\/\/etno.net\/wp-content\/uploads\/2020\/12\/NOMAS_-_01_-_Track_1.mp3?_=1\" \/><a href=\"https:\/\/etno.net\/wp-content\/uploads\/2020\/12\/NOMAS_-_01_-_Track_1.mp3\">https:\/\/etno.net\/wp-content\/uploads\/2020\/12\/NOMAS_-_01_-_Track_1.mp3<\/a><\/audio>\n<p>S\u00e4v. Pauliina Pajala.<\/p>\n<p><strong>2. Lokasottis<\/strong><br \/>\nS\u00e4v. Pauliina Pajala.<\/p>\n<p><strong>3. Dikedee<\/strong><br \/>\nS\u00e4v. Christian St\u00e6rke.<\/p>\n<p><strong>4. Bolbropolska<\/strong><br \/>\nS\u00e4v. Vidar Skrede.<\/p>\n<p><strong>5. Ymer i haven<\/strong><br \/>\nS\u00e4v. Christian St\u00e6rke.<\/p>\n<p><strong>6. Nofo-waltz<\/strong><\/p>\n<audio class=\"wp-audio-shortcode\" id=\"audio-1735-2\" preload=\"none\" style=\"width: 100%;\" controls=\"controls\"><source type=\"audio\/mpeg\" src=\"https:\/\/etno.net\/wp-content\/uploads\/2020\/12\/NOMAS_-_06_-_Track_6.mp3?_=2\" \/><a href=\"https:\/\/etno.net\/wp-content\/uploads\/2020\/12\/NOMAS_-_06_-_Track_6.mp3\">https:\/\/etno.net\/wp-content\/uploads\/2020\/12\/NOMAS_-_06_-_Track_6.mp3<\/a><\/audio>\n<p>S\u00e4v. Mikael Craub\u00e6k.<\/p>\n<p><strong>7. Laulu<\/strong><br \/>\nS\u00e4v. Pauliina Pajala, san. trad. Suomi.<\/p>\n<p><strong>8. Tyska Blekingen<\/strong><br \/>\nS\u00e4v. Carl Nyqvist.<\/p>\n<p><strong>9. Set de Michel<\/strong><br \/>\nS\u00e4v. Olli Kari.<\/p>\n<p><strong>10. En lille vestern om<\/strong><br \/>\nS\u00e4v. trad. Tanska, sov. Carl Nyqvist, Christian St\u00e6rke, Mikael Craub\u00e6k, Olli Kari, Pauliina Pajala, Vidar Skrede<\/p>\n<p><strong>11. Hendrix polska (live at Mimeteateret)<\/strong><\/p>\n<audio class=\"wp-audio-shortcode\" id=\"audio-1735-3\" preload=\"none\" style=\"width: 100%;\" controls=\"controls\"><source type=\"audio\/mpeg\" src=\"https:\/\/etno.net\/wp-content\/uploads\/2020\/12\/NOMAS_-_11_-_Track_11.mp3?_=3\" \/><a href=\"https:\/\/etno.net\/wp-content\/uploads\/2020\/12\/NOMAS_-_11_-_Track_11.mp3\">https:\/\/etno.net\/wp-content\/uploads\/2020\/12\/NOMAS_-_11_-_Track_11.mp3<\/a><\/audio>\n<p>S\u00e4v. trad. Suomi, sov. Pauliina Pajala.<\/p>\n","protected":false},"excerpt":{"rendered":"<p>Nomas is a new band that presents music and musicians from Norway, Finland, Sweden and Denmark, both fusion between these traditions and through their own new compositions, a band of Nordic contemporary folk music. Their sound has influences from all the Nordic folk music traditions, jazz. pop, rock and classical music, and not least the musicians strong personal styles. In this inter-nordic folk music fusion, Vidar Skrede (NO), Carl Nyqvist (SE), Pauliina Pajala (FI), Christian St\u00e6rke (DK), Olli Kari (FI), and Michael Craub\u00e6k (DK) are expressing their commomn cultural identity, both through traditional and contemporary Nordic folk music. NOMAS is a result of the new Joint Master Programme in Nordic folk music which is between Sibelius Academy in Helsinki, Carl Nielsen academyof music in Odense, Royal College of Music in Stockholm and Ole Bull Academy of music in Voss. NOMAS are six first musicians with a master degree in Nordic folk music and are there by pioneers of this Joint Master Programme in Nordic Folk Music and the first all-Nordic band ever!<\/p>\n<p>Vidar Skrede: viulu, 8- ja 12-kielinen kitara<br \/>\nCarl Nyqvist: viulu<br \/>\nPauliina Pajala: viulu<br \/>\nChristian St\u00e6rke: basso<br \/>\nOlli Kari: haitari, laulu<br \/>\nMichael Craub\u00e6k: viulu, alttoviulu<\/p>\n<p>Tuottaja: Vidar Skrede<br \/>\n\u00c4\u00e4nitys: Hannu Oskala, Torten Sminge<br \/>\nMasterointi: Hannu Oskala<\/p>","protected":false},"featured_media":1739,"comment_status":"closed","ping_status":"closed","template":"","meta":{"_acf_changed":false},"product_brand":[],"product_cat":[65],"product_tag":[],"class_list":{"0":"post-1735","1":"product","2":"type-product","3":"status-publish","4":"has-post-thumbnail","6":"product_cat-aanitteet","8":"first","9":"instock","10":"shipping-taxable","11":"product-type-simple"},"acf":[],"_links":{"self":[{"href":"https:\/\/etno.net\/en\/wp-json\/wp\/v2\/product\/1735","targetHints":{"allow":["GET"]}}],"collection":[{"href":"https:\/\/etno.net\/en\/wp-json\/wp\/v2\/product"}],"about":[{"href":"https:\/\/etno.net\/en\/wp-json\/wp\/v2\/types\/product"}],"replies":[{"embeddable":true,"href":"https:\/\/etno.net\/en\/wp-json\/wp\/v2\/comments?post=1735"}],"wp:featuredmedia":[{"embeddable":true,"href":"https:\/\/etno.net\/en\/wp-json\/wp\/v2\/media\/1739"}],"wp:attachment":[{"href":"https:\/\/etno.net\/en\/wp-json\/wp\/v2\/media?parent=1735"}],"wp:term":[{"taxonomy":"product_brand","embeddable":true,"href":"https:\/\/etno.net\/en\/wp-json\/wp\/v2\/product_brand?post=1735"},{"taxonomy":"product_cat","embeddable":true,"href":"https:\/\/etno.net\/en\/wp-json\/wp\/v2\/product_cat?post=1735"},{"taxonomy":"product_tag","embeddable":true,"href":"https:\/\/etno.net\/en\/wp-json\/wp\/v2\/product_tag?post=1735"}],"curies":[{"name":"wp","href":"https:\/\/api.w.org\/{rel}","templated":true}]}}

<p><strong>1. Flow</strong></p>
<!--[if lt IE 9]><script>document.createElement('audio');</script><![endif]-->
<audio class="wp-audio-shortcode" id="audio-1735-1" preload="none" style="width: 100%;" controls="controls"><source type="audio/mpeg" src="https://etno.net/wp-content/uploads/2020/12/NOMAS_-_01_-_Track_1.mp3?_=1" /><a href="https://etno.net/wp-content/uploads/2020/12/NOMAS_-_01_-_Track_1.mp3">https://etno.net/wp-content/uploads/2020/12/NOMAS_-_01_-_Track_1.mp3</a></audio>
<p>Säv. Pauliina Pajala.</p>
<p><strong>2. Lokasottis</strong><br />
Säv. Pauliina Pajala.</p>
<p><strong>3. Dikedee</strong><br />
Säv. Christian Stærke.</p>
<p><strong>4. Bolbropolska</strong><br />
Säv. Vidar Skrede.</p>
<p><strong>5. Ymer i haven</strong><br />
Säv. Christian Stærke.</p>
<p><strong>6. Nofo-waltz</strong></p>
<audio class="wp-audio-shortcode" id="audio-1735-2" preload="none" style="width: 100%;" controls="controls"><source type="audio/mpeg" src="https://etno.net/wp-content/uploads/2020/12/NOMAS_-_06_-_Track_6.mp3?_=2" /><a href="https://etno.net/wp-content/uploads/2020/12/NOMAS_-_06_-_Track_6.mp3">https://etno.net/wp-content/uploads/2020/12/NOMAS_-_06_-_Track_6.mp3</a></audio>
<p>Säv. Mikael Craubæk.</p>
<p><strong>7. Laulu</strong><br />
Säv. Pauliina Pajala, san. trad. Suomi.</p>
<p><strong>8. Tyska Blekingen</strong><br />
Säv. Carl Nyqvist.</p>
<p><strong>9. Set de Michel</strong><br />
Säv. Olli Kari.</p>
<p><strong>10. En lille vestern om</strong><br />
Säv. trad. Tanska, sov. Carl Nyqvist, Christian Stærke, Mikael Craubæk, Olli Kari, Pauliina Pajala, Vidar Skrede</p>
<p><strong>11. Hendrix polska (live at Mimeteateret)</strong></p>
<audio class="wp-audio-shortcode" id="audio-1735-3" preload="none" style="width: 100%;" controls="controls"><source type="audio/mpeg" src="https://etno.net/wp-content/uploads/2020/12/NOMAS_-_11_-_Track_11.mp3?_=3" /><a href="https://etno.net/wp-content/uploads/2020/12/NOMAS_-_11_-_Track_11.mp3">https://etno.net/wp-content/uploads/2020/12/NOMAS_-_11_-_Track_11.mp3</a></audio>
<p>Säv. trad. Suomi, sov. Pauliina Pajala.</p>

<p>Nomas is a new band that presents music and musicians from Norway, Finland, Sweden and Denmark, both fusion between these traditions and through their own new compositions, a band of Nordic contemporary folk music. Their sound has influences from all the Nordic folk music traditions, jazz. pop, rock and classical music, and not least the musicians strong personal styles. In this inter-nordic folk music fusion, Vidar Skrede (NO), Carl Nyqvist (SE), Pauliina Pajala (FI), Christian Stærke (DK), Olli Kari (FI), and Michael Craubæk (DK) are expressing their commomn cultural identity, both through traditional and contemporary Nordic folk music. NOMAS is a result of the new Joint Master Programme in Nordic folk music which is between Sibelius Academy in Helsinki, Carl Nielsen academyof music in Odense, Royal College of Music in Stockholm and Ole Bull Academy of music in Voss. NOMAS are six first musicians with a master degree in Nordic folk music and are there by pioneers of this Joint Master Programme in Nordic Folk Music and the first all-Nordic band ever!</p>
<p>Vidar Skrede: viulu, 8- ja 12-kielinen kitara<br />
Carl Nyqvist: viulu<br />
Pauliina Pajala: viulu<br />
Christian Stærke: basso<br />
Olli Kari: haitari, laulu<br />
Michael Craubæk: viulu, alttoviulu</p>
<p>Tuottaja: Vidar Skrede<br />
Äänitys: Hannu Oskala, Torten Sminge<br />
Masterointi: Hannu Oskala</p>
