{"id":2460,"date":"2021-03-03T12:36:06","date_gmt":"2021-03-03T10:36:06","guid":{"rendered":"https:\/\/etno.net\/?post_type=product&#038;p=2460"},"modified":"2021-03-03T12:36:07","modified_gmt":"2021-03-03T10:36:07","slug":"biisinikkariksi-nain-arvioitutin-mahdollisuuksiani-toimia-lauluntekijana-kevyen-musiikin-alueella","status":"publish","type":"product","link":"https:\/\/etno.net\/en\/julkaisu\/opinnaytteet\/maisteriopinnot\/biisinikkariksi-nain-arvioitutin-mahdollisuuksiani-toimia-lauluntekijana-kevyen-musiikin-alueella","title":{"rendered":"Biisinikkariksi &#8211; N\u00e4in arvioitutin mahdollisuuksiani toimia lauluntekij\u00e4n\u00e4 kevyen musiikin alueella"},"content":{"rendered":"<h2>Tiivistelm\u00e4<\/h2>\n<p>Projektity\u00f6ni ideana on tutkia tekem\u00e4ni laulukappaleen mahdollisuuksia p\u00e4\u00e4st\u00e4 laajemman kuulijakunnan ulottuville. Puntaroin samalla sen avulla kykyj\u00e4ni toimia iskelm\u00e4musiikin alueella lauluntekij\u00e4n\u00e4. S\u00e4velsin ja sanoitin laulun alkusyksyn 2002 aikana, ja sovitimme sen kevyen musiikin muotoon yhdess\u00e4 taiteellisana tuottajanani toimineen Olli Variksen kanssa. Olen tehnyt omia s\u00e4vellyksi\u00e4 11-vuotiaasta asti, ja luomani musiikin tyylisuunnat ovat vaihdelleet omien musiikkimieltymysteni mukaan. Kasvot niin kuulaat -laulukappaleessa ajan my\u00f6t\u00e4 muodostunut oma s\u00e4velkieleni yhdistyy populaarimusiikissa k\u00e4ytettyihin tyylikeinoihin. Projektity\u00f6ni sis\u00e4lt\u00e4\u00e4 kappaleesta \u00e4\u00e4nitetyn demoCD:n sek\u00e4 kirjallisen osuuden.<\/p>\n<p>Kirjallisessa osuudessa k\u00e4sittelen omaa s\u00e4velt\u00e4mis- ja sanoittamisprosessiani yleisesti sek\u00e4 sit\u00e4, kuinka Kasvot niin kuulaat -kappale syntyi. Kerron, kuinka sovitimme ja yritimme muokata ulkoasua suuren yleis\u00f6n musiikkimaun mukaiseksi. Kuvailen \u00e4\u00e4nitystapahtumaa ja arvioin lopputuloksen ensin itse. T\u00e4m\u00e4n j\u00e4lkeen seuraa sek\u00e4 asiantuntija- ett\u00e4 maallikkoraadin arviot. Raatien antamaa palautetta vertaan tekem\u00e4\u00e4ni itsearvioon, ja n\u00e4iden pohjalta analysoin ja pohdin asiaa laajemmin. Arvioituttamani kappale ei mennyt sellaisenaan raatilaisten asettaman seulan l\u00e4pi. Musiikilliset l\u00e4ht\u00f6kohtamme ja n\u00e4kemyksemme poikkesivat itseni ja heid\u00e4n v\u00e4lill\u00e4. Eri linjoilla olimme varsinkin melodiarytmiikan suhteen. Raatilaiset kokivat sen vieraannuttavaksi, sill\u00e4 sanoja ja tarinaa oli vaikea seurata runsaan koronpolun k\u00e4yt\u00f6n johdosta.<\/p>\n<h2>Sis\u00e4llysluettelo<\/h2>\n<dl>\n<dt>Johdanto<\/dt>\n<dt>Tavoite<\/dt>\n<dt>Projektin toteutus<\/dt>\n<dd>Aikataulu ja toteutustapa<\/dd>\n<dd>Yleisi\u00e4 ajatuksia kappaleiden teosta<\/dd>\n<dd>Kasvot niin kuulaat -kappale<\/dd>\n<dd>Demon tuottaminen ja \u00e4\u00e4nitys<\/dd>\n<dd>Itsearvio<\/dd>\n<dd>Asiantuntijaraadin arvio<\/dd>\n<dd>Maallikkoraadin arvio<\/dd>\n<dt>Analyysi<\/dt>\n<dd>Yleist\u00e4<\/dd>\n<dd>Melodia<\/dd>\n<dd>Melodiarytmi<\/dd>\n<dd>Sanat<\/dd>\n<dd>Sovitus<\/dd>\n<dd>Kappaleen soveltuminen radiosoittoon ja jonkun artistin ohjelmistoon<\/dd>\n<dt>Johtop\u00e4\u00e4t\u00f6kset<\/dt>\n<dt>Kirjallisuus<\/dt>\n<\/dl>\n<p>Liitteet<br \/>\n1 S\u00e4hk\u00f6posti 1 asiantuntijoille<br \/>\n2 Saatekirjelm\u00e4 asiantuntijoille<br \/>\n3 Kaavake maallikkoraatilaisille<br \/>\n4 S\u00e4hk\u00f6posti 2 asiantuntijoille<\/p>\n<p>&nbsp;<\/p>\n<p><em>Ty\u00f6n CD-liite kansanmusiikin aineryhm\u00e4n arkistoissa.<\/em><\/p>","protected":false},"excerpt":{"rendered":"<div class=\"field field-name-field-thesis-author field-type-text field-label-hidden\">\n<div class=\"field-items\">\n<div class=\"field-item even\">Jarno Romppainen<\/div>\n<\/div>\n<\/div>\n<div class=\"field field-name-field-thesis-metadata field-type-text-long field-label-hidden\">\n<div class=\"field-items\">\n<div class=\"field-item even\">\n<p>Projektity\u00f6<br \/>\nTaideyliopiston Sibelius-Akatemia<br \/>\nKansanmusiikin aineryhm\u00e4<br \/>\n2002<\/p>\n<\/div>\n<\/div>\n<\/div>","protected":false},"featured_media":0,"comment_status":"closed","ping_status":"closed","template":"","meta":{"_acf_changed":false},"product_brand":[],"product_cat":[81,76],"product_tag":[],"class_list":{"0":"post-2460","1":"product","2":"type-product","3":"status-publish","5":"product_cat-maisteriopinnot","6":"product_cat-opinnaytteet","8":"first","9":"instock","10":"shipping-taxable","11":"product-type-simple"},"acf":[],"_links":{"self":[{"href":"https:\/\/etno.net\/en\/wp-json\/wp\/v2\/product\/2460","targetHints":{"allow":["GET"]}}],"collection":[{"href":"https:\/\/etno.net\/en\/wp-json\/wp\/v2\/product"}],"about":[{"href":"https:\/\/etno.net\/en\/wp-json\/wp\/v2\/types\/product"}],"replies":[{"embeddable":true,"href":"https:\/\/etno.net\/en\/wp-json\/wp\/v2\/comments?post=2460"}],"wp:attachment":[{"href":"https:\/\/etno.net\/en\/wp-json\/wp\/v2\/media?parent=2460"}],"wp:term":[{"taxonomy":"product_brand","embeddable":true,"href":"https:\/\/etno.net\/en\/wp-json\/wp\/v2\/product_brand?post=2460"},{"taxonomy":"product_cat","embeddable":true,"href":"https:\/\/etno.net\/en\/wp-json\/wp\/v2\/product_cat?post=2460"},{"taxonomy":"product_tag","embeddable":true,"href":"https:\/\/etno.net\/en\/wp-json\/wp\/v2\/product_tag?post=2460"}],"curies":[{"name":"wp","href":"https:\/\/api.w.org\/{rel}","templated":true}]}}

Biisinikkariksi &#8211; Näin arvioitutin mahdollisuuksiani toimia lauluntekijänä kevyen musiikin alueella

<h2>Tiivistelmä</h2>
<p>Projektityöni ideana on tutkia tekemäni laulukappaleen mahdollisuuksia päästä laajemman kuulijakunnan ulottuville. Puntaroin samalla sen avulla kykyjäni toimia iskelmämusiikin alueella lauluntekijänä. Sävelsin ja sanoitin laulun alkusyksyn 2002 aikana, ja sovitimme sen kevyen musiikin muotoon yhdessä taiteellisana tuottajanani toimineen Olli Variksen kanssa. Olen tehnyt omia sävellyksiä 11-vuotiaasta asti, ja luomani musiikin tyylisuunnat ovat vaihdelleet omien musiikkimieltymysteni mukaan. Kasvot niin kuulaat -laulukappaleessa ajan myötä muodostunut oma sävelkieleni yhdistyy populaarimusiikissa käytettyihin tyylikeinoihin. Projektityöni sisältää kappaleesta äänitetyn demoCD:n sekä kirjallisen osuuden.</p>
<p>Kirjallisessa osuudessa käsittelen omaa säveltämis- ja sanoittamisprosessiani yleisesti sekä sitä, kuinka Kasvot niin kuulaat -kappale syntyi. Kerron, kuinka sovitimme ja yritimme muokata ulkoasua suuren yleisön musiikkimaun mukaiseksi. Kuvailen äänitystapahtumaa ja arvioin lopputuloksen ensin itse. Tämän jälkeen seuraa sekä asiantuntija- että maallikkoraadin arviot. Raatien antamaa palautetta vertaan tekemääni itsearvioon, ja näiden pohjalta analysoin ja pohdin asiaa laajemmin. Arvioituttamani kappale ei mennyt sellaisenaan raatilaisten asettaman seulan läpi. Musiikilliset lähtökohtamme ja näkemyksemme poikkesivat itseni ja heidän välillä. Eri linjoilla olimme varsinkin melodiarytmiikan suhteen. Raatilaiset kokivat sen vieraannuttavaksi, sillä sanoja ja tarinaa oli vaikea seurata runsaan koronpolun käytön johdosta.</p>
<h2>Sisällysluettelo</h2>
<dl>
<dt>Johdanto</dt>
<dt>Tavoite</dt>
<dt>Projektin toteutus</dt>
<dd>Aikataulu ja toteutustapa</dd>
<dd>Yleisiä ajatuksia kappaleiden teosta</dd>
<dd>Kasvot niin kuulaat -kappale</dd>
<dd>Demon tuottaminen ja äänitys</dd>
<dd>Itsearvio</dd>
<dd>Asiantuntijaraadin arvio</dd>
<dd>Maallikkoraadin arvio</dd>
<dt>Analyysi</dt>
<dd>Yleistä</dd>
<dd>Melodia</dd>
<dd>Melodiarytmi</dd>
<dd>Sanat</dd>
<dd>Sovitus</dd>
<dd>Kappaleen soveltuminen radiosoittoon ja jonkun artistin ohjelmistoon</dd>
<dt>Johtopäätökset</dt>
<dt>Kirjallisuus</dt>
</dl>
<p>Liitteet<br />
1 Sähköposti 1 asiantuntijoille<br />
2 Saatekirjelmä asiantuntijoille<br />
3 Kaavake maallikkoraatilaisille<br />
4 Sähköposti 2 asiantuntijoille</p>
<p>&nbsp;</p>
<p><em>Työn CD-liite kansanmusiikin aineryhmän arkistoissa.</em></p>

<div class="field field-name-field-thesis-author field-type-text field-label-hidden">
<div class="field-items">
<div class="field-item even">Jarno Romppainen</div>
</div>
</div>
<div class="field field-name-field-thesis-metadata field-type-text-long field-label-hidden">
<div class="field-items">
<div class="field-item even">
<p>Projektityö<br />
Taideyliopiston Sibelius-Akatemia<br />
Kansanmusiikin aineryhmä<br />
2002</p>
</div>
</div>
</div>
