{"id":3428,"date":"2021-10-05T09:27:23","date_gmt":"2021-10-05T07:27:23","guid":{"rendered":"https:\/\/etno.net\/?post_type=product&#038;p=3428"},"modified":"2021-10-14T13:39:42","modified_gmt":"2021-10-14T11:39:42","slug":"suvi-oskala","status":"publish","type":"product","link":"https:\/\/etno.net\/en\/julkaisu\/aanitteet\/suvi-oskala","title":{"rendered":"Suvi Oskala: Soolo"},"content":{"rendered":"<p><strong>1. Sysihetki<br \/>\n<\/strong><\/p>\n<!--[if lt IE 9]><script>document.createElement('audio');<\/script><![endif]-->\n<audio class=\"wp-audio-shortcode\" id=\"audio-3428-1\" preload=\"none\" style=\"width: 100%;\" controls=\"controls\"><source type=\"audio\/mpeg\" src=\"https:\/\/etno.net\/wp-content\/uploads\/2021\/10\/suvi_oskala_sysihetki_etnonet.mp3?_=1\" \/><a href=\"https:\/\/etno.net\/wp-content\/uploads\/2021\/10\/suvi_oskala_sysihetki_etnonet.mp3\">https:\/\/etno.net\/wp-content\/uploads\/2021\/10\/suvi_oskala_sysihetki_etnonet.mp3<\/a><\/audio>\n<p>2. Naisen Laulu<br \/>\n<strong>3. Tuuli<br \/>\n<\/strong><\/p>\n<audio class=\"wp-audio-shortcode\" id=\"audio-3428-2\" preload=\"none\" style=\"width: 100%;\" controls=\"controls\"><source type=\"audio\/mpeg\" src=\"https:\/\/etno.net\/wp-content\/uploads\/2021\/10\/suvi_oskala_tuuli_etnonet.mp3?_=2\" \/><a href=\"https:\/\/etno.net\/wp-content\/uploads\/2021\/10\/suvi_oskala_tuuli_etnonet.mp3\">https:\/\/etno.net\/wp-content\/uploads\/2021\/10\/suvi_oskala_tuuli_etnonet.mp3<\/a><\/audio>\n<p>4. Peijaiset<br \/>\n<strong>5. Uinu<br \/>\n<\/strong><\/p>\n<audio class=\"wp-audio-shortcode\" id=\"audio-3428-3\" preload=\"none\" style=\"width: 100%;\" controls=\"controls\"><source type=\"audio\/mpeg\" src=\"https:\/\/etno.net\/wp-content\/uploads\/2021\/10\/suvi_oskala_uinu_etnonet.mp3?_=3\" \/><a href=\"https:\/\/etno.net\/wp-content\/uploads\/2021\/10\/suvi_oskala_uinu_etnonet.mp3\">https:\/\/etno.net\/wp-content\/uploads\/2021\/10\/suvi_oskala_uinu_etnonet.mp3<\/a><\/audio>\n<p>6. Aava<\/p>\n<p>S\u00e4v., sov &amp; improvisointi <strong>Suvi Oskala<\/strong><br \/>\nSanat (5) <strong>trad.<\/strong> &amp; <strong>Suvi Oskala<\/strong><br \/>\nVierailijana <strong>Oskari Lehtonen<\/strong>, Perkussiot raidalla 4<br \/>\nTaiteellinen neuvonantaja <strong>Masi Tiitta<\/strong><br \/>\n\u00c4\u00e4nitys ja miksaus <strong>Vesa Norilo<\/strong><br \/>\nMasterointi <strong>Marko My\u00f6h\u00e4nen<\/strong><br \/>\nValokuvaus <strong>Sami Perttil\u00e4<\/strong><br \/>\nGraafinen suunnittelu <strong>Paula Susitaival<\/strong><br \/>\n\u00c4\u00e4nitetty ja miksattu Kallio- Kuninkalan studiossa J\u00e4rvenp\u00e4\u00e4ss\u00e4<br \/>\nMasteroitu Sibelius-Akatemian Studiotiloissa Helsingiss\u00e4<br \/>\nSuvin Instrumenttina on <strong>Per Klingan<\/strong> rakentama ja suunnittelema viisikielinen viulu<\/p>\n<p>Sibelius-Akatemian kansanmusiikki\u00e4\u00e4nitteit\u00e4 118<br \/>\nSUVISCD01<\/p>\n","protected":false},"excerpt":{"rendered":"<p>1. Sysihetki 2. Naisen Laulu 3. Tuuli 4. Peijaiset 5. Uinu 6. Aava S\u00e4v., sov &amp; improvisointi Suvi Oskala Sanat (5) trad. &amp; Suvi Oskala Vierailijana Oskari Lehtonen, Perkussiot raidalla 4 Taiteellinen neuvonantaja Masi Tiitta \u00c4\u00e4nitys ja miksaus Vesa Norilo Masterointi Marko My\u00f6h\u00e4nen Valokuvaus Sami Perttil\u00e4 Graafinen suunnittelu Paula Susitaival \u00c4\u00e4nitetty ja miksattu Kallio- Kuninkalan [&hellip;]<\/p>\n","protected":false},"featured_media":3432,"comment_status":"closed","ping_status":"closed","template":"","meta":{"_acf_changed":false},"product_brand":[],"product_cat":[65],"product_tag":[],"class_list":{"0":"post-3428","1":"product","2":"type-product","3":"status-publish","4":"has-post-thumbnail","6":"product_cat-aanitteet","8":"first","9":"instock","10":"shipping-taxable","11":"product-type-simple"},"acf":[],"_links":{"self":[{"href":"https:\/\/etno.net\/en\/wp-json\/wp\/v2\/product\/3428","targetHints":{"allow":["GET"]}}],"collection":[{"href":"https:\/\/etno.net\/en\/wp-json\/wp\/v2\/product"}],"about":[{"href":"https:\/\/etno.net\/en\/wp-json\/wp\/v2\/types\/product"}],"replies":[{"embeddable":true,"href":"https:\/\/etno.net\/en\/wp-json\/wp\/v2\/comments?post=3428"}],"wp:featuredmedia":[{"embeddable":true,"href":"https:\/\/etno.net\/en\/wp-json\/wp\/v2\/media\/3432"}],"wp:attachment":[{"href":"https:\/\/etno.net\/en\/wp-json\/wp\/v2\/media?parent=3428"}],"wp:term":[{"taxonomy":"product_brand","embeddable":true,"href":"https:\/\/etno.net\/en\/wp-json\/wp\/v2\/product_brand?post=3428"},{"taxonomy":"product_cat","embeddable":true,"href":"https:\/\/etno.net\/en\/wp-json\/wp\/v2\/product_cat?post=3428"},{"taxonomy":"product_tag","embeddable":true,"href":"https:\/\/etno.net\/en\/wp-json\/wp\/v2\/product_tag?post=3428"}],"curies":[{"name":"wp","href":"https:\/\/api.w.org\/{rel}","templated":true}]}}

<p><strong>1. Sysihetki<br />
</strong></p>
<!--[if lt IE 9]><script>document.createElement('audio');</script><![endif]-->
<audio class="wp-audio-shortcode" id="audio-3428-1" preload="none" style="width: 100%;" controls="controls"><source type="audio/mpeg" src="https://etno.net/wp-content/uploads/2021/10/suvi_oskala_sysihetki_etnonet.mp3?_=1" /><a href="https://etno.net/wp-content/uploads/2021/10/suvi_oskala_sysihetki_etnonet.mp3">https://etno.net/wp-content/uploads/2021/10/suvi_oskala_sysihetki_etnonet.mp3</a></audio>
<p>2. Naisen Laulu<br />
<strong>3. Tuuli<br />
</strong></p>
<audio class="wp-audio-shortcode" id="audio-3428-2" preload="none" style="width: 100%;" controls="controls"><source type="audio/mpeg" src="https://etno.net/wp-content/uploads/2021/10/suvi_oskala_tuuli_etnonet.mp3?_=2" /><a href="https://etno.net/wp-content/uploads/2021/10/suvi_oskala_tuuli_etnonet.mp3">https://etno.net/wp-content/uploads/2021/10/suvi_oskala_tuuli_etnonet.mp3</a></audio>
<p>4. Peijaiset<br />
<strong>5. Uinu<br />
</strong></p>
<audio class="wp-audio-shortcode" id="audio-3428-3" preload="none" style="width: 100%;" controls="controls"><source type="audio/mpeg" src="https://etno.net/wp-content/uploads/2021/10/suvi_oskala_uinu_etnonet.mp3?_=3" /><a href="https://etno.net/wp-content/uploads/2021/10/suvi_oskala_uinu_etnonet.mp3">https://etno.net/wp-content/uploads/2021/10/suvi_oskala_uinu_etnonet.mp3</a></audio>
<p>6. Aava</p>
<p>Säv., sov &amp; improvisointi <strong>Suvi Oskala</strong><br />
Sanat (5) <strong>trad.</strong> &amp; <strong>Suvi Oskala</strong><br />
Vierailijana <strong>Oskari Lehtonen</strong>, Perkussiot raidalla 4<br />
Taiteellinen neuvonantaja <strong>Masi Tiitta</strong><br />
Äänitys ja miksaus <strong>Vesa Norilo</strong><br />
Masterointi <strong>Marko Myöhänen</strong><br />
Valokuvaus <strong>Sami Perttilä</strong><br />
Graafinen suunnittelu <strong>Paula Susitaival</strong><br />
Äänitetty ja miksattu Kallio- Kuninkalan studiossa Järvenpäässä<br />
Masteroitu Sibelius-Akatemian Studiotiloissa Helsingissä<br />
Suvin Instrumenttina on <strong>Per Klingan</strong> rakentama ja suunnittelema viisikielinen viulu</p>
<p>Sibelius-Akatemian kansanmusiikkiäänitteitä 118<br />
SUVISCD01</p>

<p>1. Sysihetki 2. Naisen Laulu 3. Tuuli 4. Peijaiset 5. Uinu 6. Aava Säv., sov &amp; improvisointi Suvi Oskala Sanat (5) trad. &amp; Suvi Oskala Vierailijana Oskari Lehtonen, Perkussiot raidalla 4 Taiteellinen neuvonantaja Masi Tiitta Äänitys ja miksaus Vesa Norilo Masterointi Marko Myöhänen Valokuvaus Sami Perttilä Graafinen suunnittelu Paula Susitaival Äänitetty ja miksattu Kallio- Kuninkalan [&hellip;]</p>
