{"id":3454,"date":"2021-10-15T09:02:03","date_gmt":"2021-10-15T07:02:03","guid":{"rendered":"https:\/\/etno.net\/?post_type=product&#038;p=3454"},"modified":"2021-10-15T09:02:03","modified_gmt":"2021-10-15T07:02:03","slug":"suden-aika-ilokivi","status":"publish","type":"product","link":"https:\/\/etno.net\/en\/julkaisu\/aanitteet\/suden-aika-ilokivi","title":{"rendered":"Suden Aika: Ilokivi"},"content":{"rendered":"<p><strong>1. Ilokivi<br \/>\n<\/strong><\/p>\n<!--[if lt IE 9]><script>document.createElement('audio');<\/script><![endif]-->\n<audio class=\"wp-audio-shortcode\" id=\"audio-3454-1\" preload=\"none\" style=\"width: 100%;\" controls=\"controls\"><source type=\"audio\/mpeg\" src=\"https:\/\/etno.net\/wp-content\/uploads\/2021\/10\/ilokivi_etnonet.mp3?_=1\" \/><a href=\"https:\/\/etno.net\/wp-content\/uploads\/2021\/10\/ilokivi_etnonet.mp3\">https:\/\/etno.net\/wp-content\/uploads\/2021\/10\/ilokivi_etnonet.mp3<\/a><\/audio>\n<p>2. Raudan Synty<br \/>\n3. Kutimien Kalkkehessa<br \/>\n4. Itkisin<br \/>\n<strong>5. Siivet<br \/>\n<\/strong><\/p>\n<audio class=\"wp-audio-shortcode\" id=\"audio-3454-2\" preload=\"none\" style=\"width: 100%;\" controls=\"controls\"><source type=\"audio\/mpeg\" src=\"https:\/\/etno.net\/wp-content\/uploads\/2021\/10\/siivet_etnonet.mp3?_=2\" \/><a href=\"https:\/\/etno.net\/wp-content\/uploads\/2021\/10\/siivet_etnonet.mp3\">https:\/\/etno.net\/wp-content\/uploads\/2021\/10\/siivet_etnonet.mp3<\/a><\/audio>\n<p>6. Mielikki<br \/>\n7. Pellervo<br \/>\n8. Karjan Loitsu<br \/>\n<strong>9. Emon Tuomat<br \/>\n<\/strong><\/p>\n<audio class=\"wp-audio-shortcode\" id=\"audio-3454-3\" preload=\"none\" style=\"width: 100%;\" controls=\"controls\"><source type=\"audio\/mpeg\" src=\"https:\/\/etno.net\/wp-content\/uploads\/2021\/10\/emon_tuomat_etnonet.mp3?_=3\" \/><a href=\"https:\/\/etno.net\/wp-content\/uploads\/2021\/10\/emon_tuomat_etnonet.mp3\">https:\/\/etno.net\/wp-content\/uploads\/2021\/10\/emon_tuomat_etnonet.mp3<\/a><\/audio>\n<p>10. Tuuletar<br \/>\n11. Ik\u00e4v\u00e4<br \/>\n12. Jo On Mennyt<\/p>\n<p><strong>Katariina Airas<\/strong> vocals, moraharpa<br \/>\n<strong>Liisa Matveinen<\/strong> vocals, kantele, shaman drum<br \/>\n<strong>Nora Vaura<\/strong> vocals, flutes, udu<br \/>\n<strong>Veera Voima<\/strong> vocals, flutes, 10-string kantele, shaman drum, small bells<\/p>\n<p>Arrangements 1, 2, 4, 7, 8, 12 by Suden aika, other arrangements by the composers<br \/>\nRecorded 17.-21.1 and 21.-25.2.2011 at Kallio-Kuninkala<\/p>\n<p>Produced by <strong>Timo Alakotila<\/strong><br \/>\nRecorded by <strong>Vesa Norilo<\/strong><br \/>\nMixed by <strong>Vesa Norilo<\/strong><br \/>\nMastered by <strong>Pauli Saastamoinen<\/strong>, Finnvox<br \/>\nPhotography and cover design by Unikuva \/ <strong>Mats Vuorenjuuri<\/strong><br \/>\nTranslated by <strong>Pirkko Leino<\/strong><\/p>\n<p>Laika Records<\/p>\n<p>Sibelius-Akatemian kansanmusiikki\u00e4\u00e4nitteit\u00e4 117<br \/>\n3510275.2<\/p>\n","protected":false},"excerpt":{"rendered":"<p>1. Ilokivi 2. Raudan Synty 3. Kutimien Kalkkehessa 4. Itkisin 5. Siivet 6. Mielikki 7. Pellervo 8. Karjan Loitsu 9. Emon Tuomat 10. Tuuletar 11. Ik\u00e4v\u00e4 12. Jo On Mennyt Katariina Airas vocals, moraharpa Liisa Matveinen vocals, kantele, shaman drum Nora Vaura vocals, flutes, udu Veera Voima vocals, flutes, 10-string kantele, shaman drum, small bells [&hellip;]<\/p>\n","protected":false},"featured_media":3455,"comment_status":"closed","ping_status":"closed","template":"","meta":{"_acf_changed":false},"product_brand":[],"product_cat":[65],"product_tag":[],"class_list":{"0":"post-3454","1":"product","2":"type-product","3":"status-publish","4":"has-post-thumbnail","6":"product_cat-aanitteet","8":"first","9":"instock","10":"shipping-taxable","11":"product-type-simple"},"acf":[],"_links":{"self":[{"href":"https:\/\/etno.net\/en\/wp-json\/wp\/v2\/product\/3454","targetHints":{"allow":["GET"]}}],"collection":[{"href":"https:\/\/etno.net\/en\/wp-json\/wp\/v2\/product"}],"about":[{"href":"https:\/\/etno.net\/en\/wp-json\/wp\/v2\/types\/product"}],"replies":[{"embeddable":true,"href":"https:\/\/etno.net\/en\/wp-json\/wp\/v2\/comments?post=3454"}],"wp:featuredmedia":[{"embeddable":true,"href":"https:\/\/etno.net\/en\/wp-json\/wp\/v2\/media\/3455"}],"wp:attachment":[{"href":"https:\/\/etno.net\/en\/wp-json\/wp\/v2\/media?parent=3454"}],"wp:term":[{"taxonomy":"product_brand","embeddable":true,"href":"https:\/\/etno.net\/en\/wp-json\/wp\/v2\/product_brand?post=3454"},{"taxonomy":"product_cat","embeddable":true,"href":"https:\/\/etno.net\/en\/wp-json\/wp\/v2\/product_cat?post=3454"},{"taxonomy":"product_tag","embeddable":true,"href":"https:\/\/etno.net\/en\/wp-json\/wp\/v2\/product_tag?post=3454"}],"curies":[{"name":"wp","href":"https:\/\/api.w.org\/{rel}","templated":true}]}}

<p><strong>1. Ilokivi<br />
</strong></p>
<!--[if lt IE 9]><script>document.createElement('audio');</script><![endif]-->
<audio class="wp-audio-shortcode" id="audio-3454-1" preload="none" style="width: 100%;" controls="controls"><source type="audio/mpeg" src="https://etno.net/wp-content/uploads/2021/10/ilokivi_etnonet.mp3?_=1" /><a href="https://etno.net/wp-content/uploads/2021/10/ilokivi_etnonet.mp3">https://etno.net/wp-content/uploads/2021/10/ilokivi_etnonet.mp3</a></audio>
<p>2. Raudan Synty<br />
3. Kutimien Kalkkehessa<br />
4. Itkisin<br />
<strong>5. Siivet<br />
</strong></p>
<audio class="wp-audio-shortcode" id="audio-3454-2" preload="none" style="width: 100%;" controls="controls"><source type="audio/mpeg" src="https://etno.net/wp-content/uploads/2021/10/siivet_etnonet.mp3?_=2" /><a href="https://etno.net/wp-content/uploads/2021/10/siivet_etnonet.mp3">https://etno.net/wp-content/uploads/2021/10/siivet_etnonet.mp3</a></audio>
<p>6. Mielikki<br />
7. Pellervo<br />
8. Karjan Loitsu<br />
<strong>9. Emon Tuomat<br />
</strong></p>
<audio class="wp-audio-shortcode" id="audio-3454-3" preload="none" style="width: 100%;" controls="controls"><source type="audio/mpeg" src="https://etno.net/wp-content/uploads/2021/10/emon_tuomat_etnonet.mp3?_=3" /><a href="https://etno.net/wp-content/uploads/2021/10/emon_tuomat_etnonet.mp3">https://etno.net/wp-content/uploads/2021/10/emon_tuomat_etnonet.mp3</a></audio>
<p>10. Tuuletar<br />
11. Ikävä<br />
12. Jo On Mennyt</p>
<p><strong>Katariina Airas</strong> vocals, moraharpa<br />
<strong>Liisa Matveinen</strong> vocals, kantele, shaman drum<br />
<strong>Nora Vaura</strong> vocals, flutes, udu<br />
<strong>Veera Voima</strong> vocals, flutes, 10-string kantele, shaman drum, small bells</p>
<p>Arrangements 1, 2, 4, 7, 8, 12 by Suden aika, other arrangements by the composers<br />
Recorded 17.-21.1 and 21.-25.2.2011 at Kallio-Kuninkala</p>
<p>Produced by <strong>Timo Alakotila</strong><br />
Recorded by <strong>Vesa Norilo</strong><br />
Mixed by <strong>Vesa Norilo</strong><br />
Mastered by <strong>Pauli Saastamoinen</strong>, Finnvox<br />
Photography and cover design by Unikuva / <strong>Mats Vuorenjuuri</strong><br />
Translated by <strong>Pirkko Leino</strong></p>
<p>Laika Records</p>
<p>Sibelius-Akatemian kansanmusiikkiäänitteitä 117<br />
3510275.2</p>

<p>1. Ilokivi 2. Raudan Synty 3. Kutimien Kalkkehessa 4. Itkisin 5. Siivet 6. Mielikki 7. Pellervo 8. Karjan Loitsu 9. Emon Tuomat 10. Tuuletar 11. Ikävä 12. Jo On Mennyt Katariina Airas vocals, moraharpa Liisa Matveinen vocals, kantele, shaman drum Nora Vaura vocals, flutes, udu Veera Voima vocals, flutes, 10-string kantele, shaman drum, small bells [&hellip;]</p>
