{"id":3467,"date":"2021-10-15T11:36:15","date_gmt":"2021-10-15T09:36:15","guid":{"rendered":"https:\/\/etno.net\/?post_type=product&#038;p=3467"},"modified":"2021-10-15T12:29:10","modified_gmt":"2021-10-15T10:29:10","slug":"emilia-lajunen-turkoosi-polkupyora","status":"publish","type":"product","link":"https:\/\/etno.net\/en\/julkaisu\/aanitteet\/emilia-lajunen-turkoosi-polkupyora","title":{"rendered":"Emilia Lajunen: turkoosi polkupy\u00f6r\u00e4"},"content":{"rendered":"<p><strong>1. Mollipolska<\/strong><\/p>\n<!--[if lt IE 9]><script>document.createElement('audio');<\/script><![endif]-->\n<audio class=\"wp-audio-shortcode\" id=\"audio-3467-1\" preload=\"none\" style=\"width: 100%;\" controls=\"controls\"><source type=\"audio\/mpeg\" src=\"https:\/\/etno.net\/wp-content\/uploads\/2021\/10\/mollipolska_etnonet.mp3?_=1\" \/><a href=\"https:\/\/etno.net\/wp-content\/uploads\/2021\/10\/mollipolska_etnonet.mp3\">https:\/\/etno.net\/wp-content\/uploads\/2021\/10\/mollipolska_etnonet.mp3<\/a><\/audio>\n<p>2. Renttulassa<br \/>\n3. Ammesm\u00e4en Kreeta<br \/>\n4. Kiikka-Iisakki<br \/>\n<strong>5. Kirkkovene<br \/>\n<\/strong><\/p>\n<audio class=\"wp-audio-shortcode\" id=\"audio-3467-2\" preload=\"none\" style=\"width: 100%;\" controls=\"controls\"><source type=\"audio\/mpeg\" src=\"https:\/\/etno.net\/wp-content\/uploads\/2021\/10\/kirkkovene_etnonet.mp3?_=2\" \/><a href=\"https:\/\/etno.net\/wp-content\/uploads\/2021\/10\/kirkkovene_etnonet.mp3\">https:\/\/etno.net\/wp-content\/uploads\/2021\/10\/kirkkovene_etnonet.mp3<\/a><\/audio>\n<p>6. Vanha Varpunen<br \/>\n7. Satiainen<br \/>\n8. Luojan Luomaa<br \/>\n<strong>9. Iivanat<br \/>\n<\/strong><\/p>\n<audio class=\"wp-audio-shortcode\" id=\"audio-3467-3\" preload=\"none\" style=\"width: 100%;\" controls=\"controls\"><source type=\"audio\/mpeg\" src=\"https:\/\/etno.net\/wp-content\/uploads\/2021\/10\/livanat_etnonet.mp3?_=3\" \/><a href=\"https:\/\/etno.net\/wp-content\/uploads\/2021\/10\/livanat_etnonet.mp3\">https:\/\/etno.net\/wp-content\/uploads\/2021\/10\/livanat_etnonet.mp3<\/a><\/audio>\n<p>10. Turkoosi Polkupy\u00f6r\u00e4<\/p>\n<p><strong>Emilia Lajunen<\/strong> 5-string fiddle &#8221;Biancospino&#8221; by <strong>Per Klinga<\/strong><\/p>\n<p>Recorded &amp; mixed by <strong>Marko My\u00f6h\u00e4nen<\/strong> at Thomas Studio, Sibelius Academy, Helsinki, 15.-17.8. &amp; 26.9.2011<br \/>\nMastered by <strong>Pauli Saastamoinen<\/strong> at Finnvox Studiot<br \/>\nProduced by <strong>Kare Eskola<\/strong>\u00a0&amp; <strong>Emilia Lajunen<\/strong><\/p>\n<p>Sibelius-Akatemian kansanmusiikki\u00e4\u00e4nitteit\u00e4 116<br \/>\nHOHKA-001<\/p>\n","protected":false},"excerpt":{"rendered":"<p>1. Mollipolska 2. Renttulassa 3. Ammesm\u00e4en Kreeta 4. Kiikka-Iisakki 5. Kirkkovene 6. Vanha Varpunen 7. Satiainen 8. Luojan Luomaa 9. Iivanat 10. Turkoosi Polkupy\u00f6r\u00e4 Emilia Lajunen 5-string fiddle &#8221;Biancospino&#8221; by Per Klinga Recorded &amp; mixed by Marko My\u00f6h\u00e4nen at Thomas Studio, Sibelius Academy, Helsinki, 15.-17.8. &amp; 26.9.2011 Mastered by Pauli Saastamoinen at Finnvox Studiot Produced [&hellip;]<\/p>\n","protected":false},"featured_media":3473,"comment_status":"closed","ping_status":"closed","template":"","meta":{"_acf_changed":false},"product_brand":[],"product_cat":[65],"product_tag":[],"class_list":{"0":"post-3467","1":"product","2":"type-product","3":"status-publish","4":"has-post-thumbnail","6":"product_cat-aanitteet","8":"first","9":"instock","10":"shipping-taxable","11":"product-type-simple"},"acf":[],"_links":{"self":[{"href":"https:\/\/etno.net\/en\/wp-json\/wp\/v2\/product\/3467","targetHints":{"allow":["GET"]}}],"collection":[{"href":"https:\/\/etno.net\/en\/wp-json\/wp\/v2\/product"}],"about":[{"href":"https:\/\/etno.net\/en\/wp-json\/wp\/v2\/types\/product"}],"replies":[{"embeddable":true,"href":"https:\/\/etno.net\/en\/wp-json\/wp\/v2\/comments?post=3467"}],"wp:featuredmedia":[{"embeddable":true,"href":"https:\/\/etno.net\/en\/wp-json\/wp\/v2\/media\/3473"}],"wp:attachment":[{"href":"https:\/\/etno.net\/en\/wp-json\/wp\/v2\/media?parent=3467"}],"wp:term":[{"taxonomy":"product_brand","embeddable":true,"href":"https:\/\/etno.net\/en\/wp-json\/wp\/v2\/product_brand?post=3467"},{"taxonomy":"product_cat","embeddable":true,"href":"https:\/\/etno.net\/en\/wp-json\/wp\/v2\/product_cat?post=3467"},{"taxonomy":"product_tag","embeddable":true,"href":"https:\/\/etno.net\/en\/wp-json\/wp\/v2\/product_tag?post=3467"}],"curies":[{"name":"wp","href":"https:\/\/api.w.org\/{rel}","templated":true}]}}

Emilia Lajunen: turkoosi polkupyörä

<p><strong>1. Mollipolska</strong></p>
<!--[if lt IE 9]><script>document.createElement('audio');</script><![endif]-->
<audio class="wp-audio-shortcode" id="audio-3467-1" preload="none" style="width: 100%;" controls="controls"><source type="audio/mpeg" src="https://etno.net/wp-content/uploads/2021/10/mollipolska_etnonet.mp3?_=1" /><a href="https://etno.net/wp-content/uploads/2021/10/mollipolska_etnonet.mp3">https://etno.net/wp-content/uploads/2021/10/mollipolska_etnonet.mp3</a></audio>
<p>2. Renttulassa<br />
3. Ammesmäen Kreeta<br />
4. Kiikka-Iisakki<br />
<strong>5. Kirkkovene<br />
</strong></p>
<audio class="wp-audio-shortcode" id="audio-3467-2" preload="none" style="width: 100%;" controls="controls"><source type="audio/mpeg" src="https://etno.net/wp-content/uploads/2021/10/kirkkovene_etnonet.mp3?_=2" /><a href="https://etno.net/wp-content/uploads/2021/10/kirkkovene_etnonet.mp3">https://etno.net/wp-content/uploads/2021/10/kirkkovene_etnonet.mp3</a></audio>
<p>6. Vanha Varpunen<br />
7. Satiainen<br />
8. Luojan Luomaa<br />
<strong>9. Iivanat<br />
</strong></p>
<audio class="wp-audio-shortcode" id="audio-3467-3" preload="none" style="width: 100%;" controls="controls"><source type="audio/mpeg" src="https://etno.net/wp-content/uploads/2021/10/livanat_etnonet.mp3?_=3" /><a href="https://etno.net/wp-content/uploads/2021/10/livanat_etnonet.mp3">https://etno.net/wp-content/uploads/2021/10/livanat_etnonet.mp3</a></audio>
<p>10. Turkoosi Polkupyörä</p>
<p><strong>Emilia Lajunen</strong> 5-string fiddle &#8221;Biancospino&#8221; by <strong>Per Klinga</strong></p>
<p>Recorded &amp; mixed by <strong>Marko Myöhänen</strong> at Thomas Studio, Sibelius Academy, Helsinki, 15.-17.8. &amp; 26.9.2011<br />
Mastered by <strong>Pauli Saastamoinen</strong> at Finnvox Studiot<br />
Produced by <strong>Kare Eskola</strong> &amp; <strong>Emilia Lajunen</strong></p>
<p>Sibelius-Akatemian kansanmusiikkiäänitteitä 116<br />
HOHKA-001</p>

<p>1. Mollipolska 2. Renttulassa 3. Ammesmäen Kreeta 4. Kiikka-Iisakki 5. Kirkkovene 6. Vanha Varpunen 7. Satiainen 8. Luojan Luomaa 9. Iivanat 10. Turkoosi Polkupyörä Emilia Lajunen 5-string fiddle &#8221;Biancospino&#8221; by Per Klinga Recorded &amp; mixed by Marko Myöhänen at Thomas Studio, Sibelius Academy, Helsinki, 15.-17.8. &amp; 26.9.2011 Mastered by Pauli Saastamoinen at Finnvox Studiot Produced [&hellip;]</p>
