{"id":913,"date":"2020-10-21T09:48:54","date_gmt":"2020-10-21T07:48:54","guid":{"rendered":"https:\/\/etno.net\/?post_type=product&#038;p=913"},"modified":"2021-12-23T14:58:07","modified_gmt":"2021-12-23T12:58:07","slug":"arja-kastinen-iro","status":"publish","type":"product","link":"https:\/\/etno.net\/en\/julkaisu\/aanitteet\/arja-kastinen-iro","title":{"rendered":"Arja Kastinen: Iro"},"content":{"rendered":"<div class=\"field field-name-field-kamucd-raidat field-type-text-long field-label-hidden\">\n<div class=\"field-items\">\n<div>Tuottaja Heikki Laitinen<br \/>\n\u00c4\u00e4nitys Matti Kontio<\/div>\n<div><\/div>\n<div class=\"field-item even\"><strong>1. Amut<\/strong><br \/>\n<!--[if lt IE 9]><script>document.createElement('audio');<\/script><![endif]-->\n<audio class=\"wp-audio-shortcode\" id=\"audio-913-1\" preload=\"none\" style=\"width: 100%;\" controls=\"controls\"><source type=\"audio\/mpeg\" src=\"https:\/\/etno.net\/wp-content\/uploads\/2020\/10\/etn_fcd_007_007_sou_001_prv.mp3?_=1\" \/><a href=\"https:\/\/etno.net\/wp-content\/uploads\/2020\/10\/etn_fcd_007_007_sou_001_prv.mp3\">https:\/\/etno.net\/wp-content\/uploads\/2020\/10\/etn_fcd_007_007_sou_001_prv.mp3<\/a><\/audio><\/p>\n<p>S\u00e4v. Arja Kastinen.Arja Kastinen: 15-kielinen kantele<strong>2. Kotanen<\/strong><\/p>\n<audio class=\"wp-audio-shortcode\" id=\"audio-913-2\" preload=\"none\" style=\"width: 100%;\" controls=\"controls\"><source type=\"audio\/mpeg\" src=\"https:\/\/etno.net\/wp-content\/uploads\/2020\/10\/etn_fcd_007_007_sou_002_prv.mp3?_=2\" \/><a href=\"https:\/\/etno.net\/wp-content\/uploads\/2020\/10\/etn_fcd_007_007_sou_002_prv.mp3\">https:\/\/etno.net\/wp-content\/uploads\/2020\/10\/etn_fcd_007_007_sou_002_prv.mp3<\/a><\/audio>\n<p>S\u00e4v. Arja Kastinen.<\/p>\n<p>Arja Kastinen: 15-kielinen kantele<\/p>\n<p><strong>3. Siera<\/strong><br \/>\nS\u00e4v. Arja Kastinen.<\/p>\n<p>Arja Kastinen: 15-kielinen kantele<\/p>\n<p><strong>4. Varpa<\/strong><br \/>\nS\u00e4v. Arja Kastinen.<\/p>\n<p>Arja Kastinen: 15-kielinen kantele<\/p>\n<p><strong>5. Tisvata<\/strong><br \/>\nS\u00e4v. Arja Kastinen.<\/p>\n<p>Arja Kastinen: 15-kielinen kantele<\/p>\n<p><strong>6. Siide<\/strong><br \/>\nS\u00e4v. Arja Kastinen.<\/p>\n<p>Arja Kastinen: 15-kielinen kantele<\/p>\n<p><strong>7. Hapenet<\/strong><br \/>\nS\u00e4v. Arja Kastinen.<\/p>\n<p>Arja Kastinen: 15-kielinen kantele<\/p>\n<p><strong>8. Heutuvoa<\/strong><br \/>\nS\u00e4v. Arja Kastinen.<\/p>\n<p>Arja Kastinen: 15-kielinen kantele<\/p>\n<p><strong>9. Usmakka<\/strong><br \/>\nS\u00e4v. Arja Kastinen.<\/p>\n<p>Arja Kastinen: 15-kielinen kantele<\/p>\n<p><strong>10. Varpa<\/strong><br \/>\nS\u00e4v. Arja Kastinen.<\/p>\n<p>Arja Kastinen: 15-kielinen kantele<\/p>\n<p><strong>11. Kotanen<\/strong><br \/>\nS\u00e4v. Arja Kastinen.<\/p>\n<p>Arja Kastinen: 15-kielinen kantele<\/p>\n<p><strong>12. Prisonkka<\/strong><br \/>\nS\u00e4v. Arja Kastinen.<\/p>\n<p>Arja Kastinen: 15-kielinen kantele<\/p>\n<p><strong>13. Sihku<\/strong><br \/>\nS\u00e4v. Arja Kastinen.<\/p>\n<p>Arja Kastinen: 15-kielinen kantele<\/p>\n<p><strong>14. Tuokko<\/strong><br \/>\nS\u00e4v. Arja Kastinen.<\/p>\n<p>Arja Kastinen: 15-kielinen kantele<\/p>\n<p><strong>15. K\u00e4nn\u00e4<\/strong><br \/>\nS\u00e4v. Arja Kastinen.<\/p>\n<p>Arja Kastinen: 15-kielinen kantele<\/p>\n<p><strong>16. Helve<\/strong><\/p>\n<audio class=\"wp-audio-shortcode\" id=\"audio-913-3\" preload=\"none\" style=\"width: 100%;\" controls=\"controls\"><source type=\"audio\/mpeg\" src=\"https:\/\/etno.net\/wp-content\/uploads\/2020\/10\/etn_fcd_007_007_sou_016_prv.mp3?_=3\" \/><a href=\"https:\/\/etno.net\/wp-content\/uploads\/2020\/10\/etn_fcd_007_007_sou_016_prv.mp3\">https:\/\/etno.net\/wp-content\/uploads\/2020\/10\/etn_fcd_007_007_sou_016_prv.mp3<\/a><\/audio>\n<p>S\u00e4v. Arja Kastinen.<\/p>\n<p>Arja Kastinen: 15-kielinen kantele<\/p>\n<p><strong>17. Voli<\/strong><br \/>\nS\u00e4v. Arja Kastinen.<\/p>\n<p>Arja Kastinen: 15-kielinen kantele<\/p>\n<\/div>\n<\/div>\n<\/div>\n","protected":false},"excerpt":{"rendered":"<div class=\"field field-name-body field-type-text-with-summary field-label-hidden\">\n<div class=\"field-items\">\n<div class=\"field-item even\">\n<p>&#8221;Muutaman tanssin soitettuaan mies lopetti v\u00e4itt\u00e4en, ettei muuta osaa&#8230; Kanteleensoittaja unohtui. H\u00e4n istui yksin nurkassa kantele polvillaan, tuijottaen eteens\u00e4. V\u00e4hitellen rupesi h\u00e4n soittamaan vienosti, v\u00e4list\u00e4 kiihtyen ja l\u00e4mmeten ja taas aivan hiljaan.&#8221;<\/p>\n<p>&#8221;Kun me silloin sanoimme semmoista juuri tahtovamme kuulla ja kysyimme, mit\u00e4 se oli, sanoi h\u00e4n, ettei se mit\u00e4\u00e4n ollut, ett\u00e4 h\u00e4n vain soitti omaa mahtiaan. Sitten annoimme h\u00e4nen olla rauhassa, puuhailimme kuin omalla tahollamme. Mutta kanteleensoittaja, kun ei kukaan h\u00e4nelt\u00e4 mit\u00e4\u00e4n kysellyt, ja kun sai olla rauhassa, soitteli koko illan, ja me kuuntelimme h\u00e4nt\u00e4 iloksemme.&#8221;<\/p>\n<\/div>\n<\/div>\n<\/div>\n<div class=\"field field-name-field-kamucd-kuv-kirjoittaja field-type-text field-label-hidden\">\n<div class=\"field-items\">\n<div class=\"field-item even\">Aunuksen Karjala 1882. O. Relanderin teoksesta O.A. Hainari, muistelmia. Helsinki 1917.<\/div>\n<\/div>\n<\/div>","protected":false},"featured_media":917,"comment_status":"closed","ping_status":"closed","template":"","meta":{"_acf_changed":false},"product_brand":[],"product_cat":[65],"product_tag":[],"class_list":{"0":"post-913","1":"product","2":"type-product","3":"status-publish","4":"has-post-thumbnail","6":"product_cat-aanitteet","8":"first","9":"instock","10":"shipping-taxable","11":"product-type-simple"},"acf":[],"_links":{"self":[{"href":"https:\/\/etno.net\/en\/wp-json\/wp\/v2\/product\/913","targetHints":{"allow":["GET"]}}],"collection":[{"href":"https:\/\/etno.net\/en\/wp-json\/wp\/v2\/product"}],"about":[{"href":"https:\/\/etno.net\/en\/wp-json\/wp\/v2\/types\/product"}],"replies":[{"embeddable":true,"href":"https:\/\/etno.net\/en\/wp-json\/wp\/v2\/comments?post=913"}],"wp:featuredmedia":[{"embeddable":true,"href":"https:\/\/etno.net\/en\/wp-json\/wp\/v2\/media\/917"}],"wp:attachment":[{"href":"https:\/\/etno.net\/en\/wp-json\/wp\/v2\/media?parent=913"}],"wp:term":[{"taxonomy":"product_brand","embeddable":true,"href":"https:\/\/etno.net\/en\/wp-json\/wp\/v2\/product_brand?post=913"},{"taxonomy":"product_cat","embeddable":true,"href":"https:\/\/etno.net\/en\/wp-json\/wp\/v2\/product_cat?post=913"},{"taxonomy":"product_tag","embeddable":true,"href":"https:\/\/etno.net\/en\/wp-json\/wp\/v2\/product_tag?post=913"}],"curies":[{"name":"wp","href":"https:\/\/api.w.org\/{rel}","templated":true}]}}

<div class="field field-name-field-kamucd-raidat field-type-text-long field-label-hidden">
<div class="field-items">
<div>Tuottaja Heikki Laitinen<br />
Äänitys Matti Kontio</div>
<div></div>
<div class="field-item even"><strong>1. Amut</strong><br />
<!--[if lt IE 9]><script>document.createElement('audio');</script><![endif]-->
<audio class="wp-audio-shortcode" id="audio-913-1" preload="none" style="width: 100%;" controls="controls"><source type="audio/mpeg" src="https://etno.net/wp-content/uploads/2020/10/etn_fcd_007_007_sou_001_prv.mp3?_=1" /><a href="https://etno.net/wp-content/uploads/2020/10/etn_fcd_007_007_sou_001_prv.mp3">https://etno.net/wp-content/uploads/2020/10/etn_fcd_007_007_sou_001_prv.mp3</a></audio></p>
<p>Säv. Arja Kastinen.Arja Kastinen: 15-kielinen kantele<strong>2. Kotanen</strong></p>
<audio class="wp-audio-shortcode" id="audio-913-2" preload="none" style="width: 100%;" controls="controls"><source type="audio/mpeg" src="https://etno.net/wp-content/uploads/2020/10/etn_fcd_007_007_sou_002_prv.mp3?_=2" /><a href="https://etno.net/wp-content/uploads/2020/10/etn_fcd_007_007_sou_002_prv.mp3">https://etno.net/wp-content/uploads/2020/10/etn_fcd_007_007_sou_002_prv.mp3</a></audio>
<p>Säv. Arja Kastinen.</p>
<p>Arja Kastinen: 15-kielinen kantele</p>
<p><strong>3. Siera</strong><br />
Säv. Arja Kastinen.</p>
<p>Arja Kastinen: 15-kielinen kantele</p>
<p><strong>4. Varpa</strong><br />
Säv. Arja Kastinen.</p>
<p>Arja Kastinen: 15-kielinen kantele</p>
<p><strong>5. Tisvata</strong><br />
Säv. Arja Kastinen.</p>
<p>Arja Kastinen: 15-kielinen kantele</p>
<p><strong>6. Siide</strong><br />
Säv. Arja Kastinen.</p>
<p>Arja Kastinen: 15-kielinen kantele</p>
<p><strong>7. Hapenet</strong><br />
Säv. Arja Kastinen.</p>
<p>Arja Kastinen: 15-kielinen kantele</p>
<p><strong>8. Heutuvoa</strong><br />
Säv. Arja Kastinen.</p>
<p>Arja Kastinen: 15-kielinen kantele</p>
<p><strong>9. Usmakka</strong><br />
Säv. Arja Kastinen.</p>
<p>Arja Kastinen: 15-kielinen kantele</p>
<p><strong>10. Varpa</strong><br />
Säv. Arja Kastinen.</p>
<p>Arja Kastinen: 15-kielinen kantele</p>
<p><strong>11. Kotanen</strong><br />
Säv. Arja Kastinen.</p>
<p>Arja Kastinen: 15-kielinen kantele</p>
<p><strong>12. Prisonkka</strong><br />
Säv. Arja Kastinen.</p>
<p>Arja Kastinen: 15-kielinen kantele</p>
<p><strong>13. Sihku</strong><br />
Säv. Arja Kastinen.</p>
<p>Arja Kastinen: 15-kielinen kantele</p>
<p><strong>14. Tuokko</strong><br />
Säv. Arja Kastinen.</p>
<p>Arja Kastinen: 15-kielinen kantele</p>
<p><strong>15. Kännä</strong><br />
Säv. Arja Kastinen.</p>
<p>Arja Kastinen: 15-kielinen kantele</p>
<p><strong>16. Helve</strong></p>
<audio class="wp-audio-shortcode" id="audio-913-3" preload="none" style="width: 100%;" controls="controls"><source type="audio/mpeg" src="https://etno.net/wp-content/uploads/2020/10/etn_fcd_007_007_sou_016_prv.mp3?_=3" /><a href="https://etno.net/wp-content/uploads/2020/10/etn_fcd_007_007_sou_016_prv.mp3">https://etno.net/wp-content/uploads/2020/10/etn_fcd_007_007_sou_016_prv.mp3</a></audio>
<p>Säv. Arja Kastinen.</p>
<p>Arja Kastinen: 15-kielinen kantele</p>
<p><strong>17. Voli</strong><br />
Säv. Arja Kastinen.</p>
<p>Arja Kastinen: 15-kielinen kantele</p>
</div>
</div>
</div>

<div class="field field-name-body field-type-text-with-summary field-label-hidden">
<div class="field-items">
<div class="field-item even">
<p>&#8221;Muutaman tanssin soitettuaan mies lopetti väittäen, ettei muuta osaa&#8230; Kanteleensoittaja unohtui. Hän istui yksin nurkassa kantele polvillaan, tuijottaen eteensä. Vähitellen rupesi hän soittamaan vienosti, välistä kiihtyen ja lämmeten ja taas aivan hiljaan.&#8221;</p>
<p>&#8221;Kun me silloin sanoimme semmoista juuri tahtovamme kuulla ja kysyimme, mitä se oli, sanoi hän, ettei se mitään ollut, että hän vain soitti omaa mahtiaan. Sitten annoimme hänen olla rauhassa, puuhailimme kuin omalla tahollamme. Mutta kanteleensoittaja, kun ei kukaan häneltä mitään kysellyt, ja kun sai olla rauhassa, soitteli koko illan, ja me kuuntelimme häntä iloksemme.&#8221;</p>
</div>
</div>
</div>
<div class="field field-name-field-kamucd-kuv-kirjoittaja field-type-text field-label-hidden">
<div class="field-items">
<div class="field-item even">Aunuksen Karjala 1882. O. Relanderin teoksesta O.A. Hainari, muistelmia. Helsinki 1917.</div>
</div>
</div>
