{"id":925,"date":"2020-10-21T10:24:03","date_gmt":"2020-10-21T08:24:03","guid":{"rendered":"https:\/\/etno.net\/?post_type=product&#038;p=925"},"modified":"2021-12-23T14:57:17","modified_gmt":"2021-12-23T12:57:17","slug":"menaiset-menaiset","status":"publish","type":"product","link":"https:\/\/etno.net\/en\/julkaisu\/aanitteet\/menaiset-menaiset","title":{"rendered":"MeNaiset: MeNaiset"},"content":{"rendered":"<p>Tuottaja Heikki Laitinen<br \/>\n\u00c4\u00e4nitys Jouko Kyh\u00e4l\u00e4<\/p>\n<p><strong>1. Emo neuvoi<\/strong><br \/>\nS\u00e4v. trad., san. trad., sov. Anna-Kaisa Liedes.<\/p>\n<p>Eila Hartikainen: laulu<br \/>\nMaari Kallberg: laulu<br \/>\nAnneli Kont-Rahtola: laulu<br \/>\nSirkka Kosonen: laulu<br \/>\nAnita Lehtola: laulu<br \/>\nAnna-Kaisa Liedes: laulu<br \/>\nOuti Pulkkinen: laulu<br \/>\nPia Rask: laulu<\/p>\n<p><strong>2. Tulkaa tyt\u00f6t<\/strong><\/p>\n<!--[if lt IE 9]><script>document.createElement('audio');<\/script><![endif]-->\n<audio class=\"wp-audio-shortcode\" id=\"audio-925-1\" preload=\"none\" style=\"width: 100%;\" controls=\"controls\"><source type=\"audio\/mpeg\" src=\"https:\/\/etno.net\/wp-content\/uploads\/2020\/10\/etn_fcd_009_009_sou_002_prv.mp3?_=1\" \/><a href=\"https:\/\/etno.net\/wp-content\/uploads\/2020\/10\/etn_fcd_009_009_sou_002_prv.mp3\">https:\/\/etno.net\/wp-content\/uploads\/2020\/10\/etn_fcd_009_009_sou_002_prv.mp3<\/a><\/audio>\n<p>S\u00e4v. trad., san. trad., sov. Eila Hartikainen, Maari Kallberg, Anneli Kont-Rahtola, Sirkka Kosonen, Anita Lehtola, Anna-Kaisa Liedes, Outi Pulkkinen, Pia Rask.<\/p>\n<p>Eila Hartikainen: laulu<br \/>\nMaari Kallberg: laulu<br \/>\nAnneli Kont-Rahtola: laulu<br \/>\nSirkka Kosonen: laulu<br \/>\nAnita Lehtola: laulu<br \/>\nAnna-Kaisa Liedes: laulu<br \/>\nOuti Pulkkinen: laulu<br \/>\nPia Rask: laulu<\/p>\n<p><strong>3. Kaske kanke<\/strong><br \/>\nS\u00e4v. trad., san. trad.<\/p>\n<p>Eila Hartikainen: laulu<br \/>\nMaari Kallberg: laulu<br \/>\nAnneli Kont-Rahtola: laulu<br \/>\nSirkka Kosonen: laulu<br \/>\nAnita Lehtola: laulu<br \/>\nAnna-Kaisa Liedes: laulu<br \/>\nOuti Pulkkinen: laulu<br \/>\nPia Rask: laulu<\/p>\n<p><strong>4. H\u00e4hkamine<\/strong><br \/>\nS\u00e4v. trad., san. trad.<\/p>\n<p>Eila Hartikainen: laulu<br \/>\nMaari Kallberg: laulu<br \/>\nAnneli Kont-Rahtola: laulu<br \/>\nSirkka Kosonen: laulu<br \/>\nAnita Lehtola: laulu<br \/>\nAnna-Kaisa Liedes: laulu<br \/>\nOuti Pulkkinen: laulu<br \/>\nPia Rask: laulu<\/p>\n<p><strong>5. Juur hartaast<\/strong><br \/>\nS\u00e4v. trad., san. J. Kajanus, trad., sov. Pia Rask.<\/p>\n<p>Eila Hartikainen: laulu<br \/>\nMaari Kallberg: laulu<br \/>\nAnneli Kont-Rahtola: laulu<br \/>\nSirkka Kosonen: laulu<br \/>\nAnita Lehtola: laulu<br \/>\nAnna-Kaisa Liedes: laulu<br \/>\nOuti Pulkkinen: laulu<br \/>\nPia Rask: laulu<\/p>\n<p><strong>6. Krajsa, Rajsa<\/strong><\/p>\n<audio class=\"wp-audio-shortcode\" id=\"audio-925-2\" preload=\"none\" style=\"width: 100%;\" controls=\"controls\"><source type=\"audio\/mpeg\" src=\"https:\/\/etno.net\/wp-content\/uploads\/2020\/10\/etn_fcd_009_009_sou_006_prv.mp3?_=2\" \/><a href=\"https:\/\/etno.net\/wp-content\/uploads\/2020\/10\/etn_fcd_009_009_sou_006_prv.mp3\">https:\/\/etno.net\/wp-content\/uploads\/2020\/10\/etn_fcd_009_009_sou_006_prv.mp3<\/a><\/audio>\n<p>S\u00e4v. trad., san. trad., sov. Eila Hartikainen, Maari Kallberg, Anneli Kont-Rahtola, Sirkka Kosonen, Anita Lehtola, Anna-Kaisa Liedes, Outi Pulkkinen, Pia Rask.<\/p>\n<p>Eila Hartikainen: laulu<br \/>\nMaari Kallberg: laulu<br \/>\nAnneli Kont-Rahtola: laulu<br \/>\nSirkka Kosonen: laulu<br \/>\nAnita Lehtola: laulu<br \/>\nAnna-Kaisa Liedes: laulu<br \/>\nOuti Pulkkinen: laulu<br \/>\nPia Rask: laulu<\/p>\n<p><strong>7. Et\u00e4g\u00e4ll\u00e4<\/strong><br \/>\nS\u00e4v. trad., san. trad., sov. Eila Hartikainen, Maari Kallberg, Anneli Kont-Rahtola, Sirkka Kosonen, Anita Lehtola, Anna-Kaisa Liedes, Outi Pulkkinen, Pia Rask.<\/p>\n<p>Eila Hartikainen: laulu<br \/>\nMaari Kallberg: laulu<br \/>\nAnneli Kont-Rahtola: laulu<br \/>\nSirkka Kosonen: laulu<br \/>\nAnita Lehtola: laulu<br \/>\nAnna-Kaisa Liedes: laulu<br \/>\nOuti Pulkkinen: laulu<br \/>\nPia Rask: laulu<br \/>\n<strong>8. Markina-aatto<\/strong><br \/>\nS\u00e4v. trad., san. Pia Rask, trad., sov. Pia Rask.<\/p>\n<p>Eila Hartikainen: laulu<br \/>\nMaari Kallberg: laulu<br \/>\nAnneli Kont-Rahtola: laulu<br \/>\nSirkka Kosonen: laulu<br \/>\nAnita Lehtola: laulu<br \/>\nAnna-Kaisa Liedes: laulu<br \/>\nOuti Pulkkinen: laulu<br \/>\nPia Rask: laulu<\/p>\n<p><strong>9. Eh! Kokoukses!<\/strong><\/p>\n<audio class=\"wp-audio-shortcode\" id=\"audio-925-3\" preload=\"none\" style=\"width: 100%;\" controls=\"controls\"><source type=\"audio\/mpeg\" src=\"https:\/\/etno.net\/wp-content\/uploads\/2020\/10\/etn_fcd_009_009_sou_009_prv.mp3?_=3\" \/><a href=\"https:\/\/etno.net\/wp-content\/uploads\/2020\/10\/etn_fcd_009_009_sou_009_prv.mp3\">https:\/\/etno.net\/wp-content\/uploads\/2020\/10\/etn_fcd_009_009_sou_009_prv.mp3<\/a><\/audio>\n<p>S\u00e4v. trad., san. trad., sov. Eila Hartikainen, Maari Kallberg, Anneli Kont-Rahtola, Sirkka Kosonen, Anita Lehtola, Anna-Kaisa Liedes, Outi Pulkkinen, Pia Rask.<\/p>\n<p>Eila Hartikainen: laulu<br \/>\nMaari Kallberg: laulu<br \/>\nAnneli Kont-Rahtola: laulu<br \/>\nSirkka Kosonen: laulu<br \/>\nAnita Lehtola: laulu<br \/>\nAnna-Kaisa Liedes: laulu<br \/>\nOuti Pulkkinen: laulu<br \/>\nPia Rask: laulu<\/p>\n<p><strong>10. Sy\u00e4nt\u00e4ni tuimelevi<\/strong><br \/>\nS\u00e4v. trad., san. trad., sov. Sirkka Kosonen.<\/p>\n<p>Eila Hartikainen: laulu<br \/>\nMaari Kallberg: laulu<br \/>\nAnneli Kont-Rahtola: laulu<br \/>\nSirkka Kosonen: laulu<br \/>\nAnita Lehtola: laulu<br \/>\nAnna-Kaisa Liedes: laulu<br \/>\nOuti Pulkkinen: laulu<br \/>\nPia Rask: laulu<\/p>\n<p><strong>11. Laivassa surmattu veli<\/strong><br \/>\nS\u00e4v. trad., san. trad., sov. Eila Hartikainen, Maari Kallberg, Anneli Kont-Rahtola, Sirkka Kosonen, Anita Lehtola, Anna-Kaisa Liedes, Outi Pulkkinen, Pia Rask.<\/p>\n<p>Eila Hartikainen: laulu<br \/>\nMaari Kallberg: laulu<br \/>\nAnneli Kont-Rahtola: laulu<br \/>\nSirkka Kosonen: laulu<br \/>\nAnita Lehtola: laulu<br \/>\nAnna-Kaisa Liedes: laulu<br \/>\nOuti Pulkkinen: laulu<br \/>\nPia Rask: laulu<\/p>\n<p><strong>12. Tunjuska<\/strong><br \/>\nS\u00e4v. trad., san. trad., sov. Eila Hartikainen, Maari Kallberg, Anneli Kont-Rahtola, Sirkka Kosonen, Anita Lehtola, Anna-Kaisa Liedes, Outi Pulkkinen, Pia Rask.<\/p>\n<p>Eila Hartikainen: laulu<br \/>\nMaari Kallberg: laulu<br \/>\nAnneli Kont-Rahtola: laulu<br \/>\nSirkka Kosonen: laulu<br \/>\nAnita Lehtola: laulu<br \/>\nAnna-Kaisa Liedes: laulu<br \/>\nOuti Pulkkinen: laulu<br \/>\nPia Rask: laulu<\/p>\n<p><strong>13. H\u00f6p\u00f6helm<\/strong><br \/>\nS\u00e4v. trad., san. trad.<\/p>\n<p>Eila Hartikainen: laulu<br \/>\nMaari Kallberg: laulu<br \/>\nAnneli Kont-Rahtola: laulu<br \/>\nSirkka Kosonen: laulu<br \/>\nAnita Lehtola: laulu<br \/>\nAnna-Kaisa Liedes: laulu<br \/>\nOuti Pulkkinen: laulu<br \/>\nPia Rask: laulu<\/p>\n<p><strong>14. Liinam\u00e4ng<\/strong><br \/>\nS\u00e4v. trad., san. trad.<\/p>\n<p>Eila Hartikainen: laulu<br \/>\nMaari Kallberg: laulu<br \/>\nAnneli Kont-Rahtola: laulu<br \/>\nSirkka Kosonen: laulu<br \/>\nAnita Lehtola: laulu<br \/>\nAnna-Kaisa Liedes: laulu<br \/>\nOuti Pulkkinen: laulu<br \/>\nPia Rask: laulu<\/p>\n<p><strong>15. Kahen valta<\/strong><br \/>\nS\u00e4v. Eila Hartikainen, san. trad.<\/p>\n<p>Eila Hartikainen: laulu<br \/>\nMaari Kallberg: laulu<br \/>\nAnneli Kont-Rahtola: laulu<br \/>\nSirkka Kosonen: laulu<br \/>\nAnita Lehtola: laulu<br \/>\nAnna-Kaisa Liedes: laulu<br \/>\nOuti Pulkkinen: laulu<br \/>\nPia Rask: laulu<\/p>\n","protected":false},"excerpt":{"rendered":"<p>MeNaiset-lauluyhtye syntyi Sibelius-Akatemian kansanmusiikin osastolla syksyll\u00e4 1992. Yhtyeen j\u00e4senet ovat perehtyneet laajasti Suomen, sukukansojemme sek\u00e4 l\u00e4hialueiden laulumusiikkiin. Esikoislevyll\u00e4\u00e4n MeNaiset tulkitsee suomalais-ugrilaisten kansojen moni\u00e4\u00e4nisi\u00e4 lauluja.<\/p>\n<p>Useimpien laulujen s\u00e4velm\u00e4t ja sanat ovat per\u00e4isin arkisto\u00e4\u00e4nitteilt\u00e4 ja arkistomateriaalijulkaisuista. MeNaiset ei kuitenkaan pyri kopioimaan alkuper\u00e4isesityksi\u00e4, vaan jokainen laulaja pyrkii ymm\u00e4rt\u00e4m\u00e4\u00e4n kulloisenkin laulun tradition ja pist\u00e4m\u00e4\u00e4n peliin luovuutensa ja persoonallisuutensa.<\/p>\n<p><em>Kurt Lindblad<\/em><\/p>","protected":false},"featured_media":929,"comment_status":"closed","ping_status":"closed","template":"","meta":{"_acf_changed":false},"product_brand":[],"product_cat":[65],"product_tag":[],"class_list":{"0":"post-925","1":"product","2":"type-product","3":"status-publish","4":"has-post-thumbnail","6":"product_cat-aanitteet","8":"first","9":"instock","10":"shipping-taxable","11":"product-type-simple"},"acf":[],"_links":{"self":[{"href":"https:\/\/etno.net\/en\/wp-json\/wp\/v2\/product\/925","targetHints":{"allow":["GET"]}}],"collection":[{"href":"https:\/\/etno.net\/en\/wp-json\/wp\/v2\/product"}],"about":[{"href":"https:\/\/etno.net\/en\/wp-json\/wp\/v2\/types\/product"}],"replies":[{"embeddable":true,"href":"https:\/\/etno.net\/en\/wp-json\/wp\/v2\/comments?post=925"}],"wp:featuredmedia":[{"embeddable":true,"href":"https:\/\/etno.net\/en\/wp-json\/wp\/v2\/media\/929"}],"wp:attachment":[{"href":"https:\/\/etno.net\/en\/wp-json\/wp\/v2\/media?parent=925"}],"wp:term":[{"taxonomy":"product_brand","embeddable":true,"href":"https:\/\/etno.net\/en\/wp-json\/wp\/v2\/product_brand?post=925"},{"taxonomy":"product_cat","embeddable":true,"href":"https:\/\/etno.net\/en\/wp-json\/wp\/v2\/product_cat?post=925"},{"taxonomy":"product_tag","embeddable":true,"href":"https:\/\/etno.net\/en\/wp-json\/wp\/v2\/product_tag?post=925"}],"curies":[{"name":"wp","href":"https:\/\/api.w.org\/{rel}","templated":true}]}}

<p>Tuottaja Heikki Laitinen<br />
Äänitys Jouko Kyhälä</p>
<p><strong>1. Emo neuvoi</strong><br />
Säv. trad., san. trad., sov. Anna-Kaisa Liedes.</p>
<p>Eila Hartikainen: laulu<br />
Maari Kallberg: laulu<br />
Anneli Kont-Rahtola: laulu<br />
Sirkka Kosonen: laulu<br />
Anita Lehtola: laulu<br />
Anna-Kaisa Liedes: laulu<br />
Outi Pulkkinen: laulu<br />
Pia Rask: laulu</p>
<p><strong>2. Tulkaa tytöt</strong></p>
<!--[if lt IE 9]><script>document.createElement('audio');</script><![endif]-->
<audio class="wp-audio-shortcode" id="audio-925-1" preload="none" style="width: 100%;" controls="controls"><source type="audio/mpeg" src="https://etno.net/wp-content/uploads/2020/10/etn_fcd_009_009_sou_002_prv.mp3?_=1" /><a href="https://etno.net/wp-content/uploads/2020/10/etn_fcd_009_009_sou_002_prv.mp3">https://etno.net/wp-content/uploads/2020/10/etn_fcd_009_009_sou_002_prv.mp3</a></audio>
<p>Säv. trad., san. trad., sov. Eila Hartikainen, Maari Kallberg, Anneli Kont-Rahtola, Sirkka Kosonen, Anita Lehtola, Anna-Kaisa Liedes, Outi Pulkkinen, Pia Rask.</p>
<p>Eila Hartikainen: laulu<br />
Maari Kallberg: laulu<br />
Anneli Kont-Rahtola: laulu<br />
Sirkka Kosonen: laulu<br />
Anita Lehtola: laulu<br />
Anna-Kaisa Liedes: laulu<br />
Outi Pulkkinen: laulu<br />
Pia Rask: laulu</p>
<p><strong>3. Kaske kanke</strong><br />
Säv. trad., san. trad.</p>
<p>Eila Hartikainen: laulu<br />
Maari Kallberg: laulu<br />
Anneli Kont-Rahtola: laulu<br />
Sirkka Kosonen: laulu<br />
Anita Lehtola: laulu<br />
Anna-Kaisa Liedes: laulu<br />
Outi Pulkkinen: laulu<br />
Pia Rask: laulu</p>
<p><strong>4. Hähkamine</strong><br />
Säv. trad., san. trad.</p>
<p>Eila Hartikainen: laulu<br />
Maari Kallberg: laulu<br />
Anneli Kont-Rahtola: laulu<br />
Sirkka Kosonen: laulu<br />
Anita Lehtola: laulu<br />
Anna-Kaisa Liedes: laulu<br />
Outi Pulkkinen: laulu<br />
Pia Rask: laulu</p>
<p><strong>5. Juur hartaast</strong><br />
Säv. trad., san. J. Kajanus, trad., sov. Pia Rask.</p>
<p>Eila Hartikainen: laulu<br />
Maari Kallberg: laulu<br />
Anneli Kont-Rahtola: laulu<br />
Sirkka Kosonen: laulu<br />
Anita Lehtola: laulu<br />
Anna-Kaisa Liedes: laulu<br />
Outi Pulkkinen: laulu<br />
Pia Rask: laulu</p>
<p><strong>6. Krajsa, Rajsa</strong></p>
<audio class="wp-audio-shortcode" id="audio-925-2" preload="none" style="width: 100%;" controls="controls"><source type="audio/mpeg" src="https://etno.net/wp-content/uploads/2020/10/etn_fcd_009_009_sou_006_prv.mp3?_=2" /><a href="https://etno.net/wp-content/uploads/2020/10/etn_fcd_009_009_sou_006_prv.mp3">https://etno.net/wp-content/uploads/2020/10/etn_fcd_009_009_sou_006_prv.mp3</a></audio>
<p>Säv. trad., san. trad., sov. Eila Hartikainen, Maari Kallberg, Anneli Kont-Rahtola, Sirkka Kosonen, Anita Lehtola, Anna-Kaisa Liedes, Outi Pulkkinen, Pia Rask.</p>
<p>Eila Hartikainen: laulu<br />
Maari Kallberg: laulu<br />
Anneli Kont-Rahtola: laulu<br />
Sirkka Kosonen: laulu<br />
Anita Lehtola: laulu<br />
Anna-Kaisa Liedes: laulu<br />
Outi Pulkkinen: laulu<br />
Pia Rask: laulu</p>
<p><strong>7. Etägällä</strong><br />
Säv. trad., san. trad., sov. Eila Hartikainen, Maari Kallberg, Anneli Kont-Rahtola, Sirkka Kosonen, Anita Lehtola, Anna-Kaisa Liedes, Outi Pulkkinen, Pia Rask.</p>
<p>Eila Hartikainen: laulu<br />
Maari Kallberg: laulu<br />
Anneli Kont-Rahtola: laulu<br />
Sirkka Kosonen: laulu<br />
Anita Lehtola: laulu<br />
Anna-Kaisa Liedes: laulu<br />
Outi Pulkkinen: laulu<br />
Pia Rask: laulu<br />
<strong>8. Markina-aatto</strong><br />
Säv. trad., san. Pia Rask, trad., sov. Pia Rask.</p>
<p>Eila Hartikainen: laulu<br />
Maari Kallberg: laulu<br />
Anneli Kont-Rahtola: laulu<br />
Sirkka Kosonen: laulu<br />
Anita Lehtola: laulu<br />
Anna-Kaisa Liedes: laulu<br />
Outi Pulkkinen: laulu<br />
Pia Rask: laulu</p>
<p><strong>9. Eh! Kokoukses!</strong></p>
<audio class="wp-audio-shortcode" id="audio-925-3" preload="none" style="width: 100%;" controls="controls"><source type="audio/mpeg" src="https://etno.net/wp-content/uploads/2020/10/etn_fcd_009_009_sou_009_prv.mp3?_=3" /><a href="https://etno.net/wp-content/uploads/2020/10/etn_fcd_009_009_sou_009_prv.mp3">https://etno.net/wp-content/uploads/2020/10/etn_fcd_009_009_sou_009_prv.mp3</a></audio>
<p>Säv. trad., san. trad., sov. Eila Hartikainen, Maari Kallberg, Anneli Kont-Rahtola, Sirkka Kosonen, Anita Lehtola, Anna-Kaisa Liedes, Outi Pulkkinen, Pia Rask.</p>
<p>Eila Hartikainen: laulu<br />
Maari Kallberg: laulu<br />
Anneli Kont-Rahtola: laulu<br />
Sirkka Kosonen: laulu<br />
Anita Lehtola: laulu<br />
Anna-Kaisa Liedes: laulu<br />
Outi Pulkkinen: laulu<br />
Pia Rask: laulu</p>
<p><strong>10. Syäntäni tuimelevi</strong><br />
Säv. trad., san. trad., sov. Sirkka Kosonen.</p>
<p>Eila Hartikainen: laulu<br />
Maari Kallberg: laulu<br />
Anneli Kont-Rahtola: laulu<br />
Sirkka Kosonen: laulu<br />
Anita Lehtola: laulu<br />
Anna-Kaisa Liedes: laulu<br />
Outi Pulkkinen: laulu<br />
Pia Rask: laulu</p>
<p><strong>11. Laivassa surmattu veli</strong><br />
Säv. trad., san. trad., sov. Eila Hartikainen, Maari Kallberg, Anneli Kont-Rahtola, Sirkka Kosonen, Anita Lehtola, Anna-Kaisa Liedes, Outi Pulkkinen, Pia Rask.</p>
<p>Eila Hartikainen: laulu<br />
Maari Kallberg: laulu<br />
Anneli Kont-Rahtola: laulu<br />
Sirkka Kosonen: laulu<br />
Anita Lehtola: laulu<br />
Anna-Kaisa Liedes: laulu<br />
Outi Pulkkinen: laulu<br />
Pia Rask: laulu</p>
<p><strong>12. Tunjuska</strong><br />
Säv. trad., san. trad., sov. Eila Hartikainen, Maari Kallberg, Anneli Kont-Rahtola, Sirkka Kosonen, Anita Lehtola, Anna-Kaisa Liedes, Outi Pulkkinen, Pia Rask.</p>
<p>Eila Hartikainen: laulu<br />
Maari Kallberg: laulu<br />
Anneli Kont-Rahtola: laulu<br />
Sirkka Kosonen: laulu<br />
Anita Lehtola: laulu<br />
Anna-Kaisa Liedes: laulu<br />
Outi Pulkkinen: laulu<br />
Pia Rask: laulu</p>
<p><strong>13. Höpöhelm</strong><br />
Säv. trad., san. trad.</p>
<p>Eila Hartikainen: laulu<br />
Maari Kallberg: laulu<br />
Anneli Kont-Rahtola: laulu<br />
Sirkka Kosonen: laulu<br />
Anita Lehtola: laulu<br />
Anna-Kaisa Liedes: laulu<br />
Outi Pulkkinen: laulu<br />
Pia Rask: laulu</p>
<p><strong>14. Liinamäng</strong><br />
Säv. trad., san. trad.</p>
<p>Eila Hartikainen: laulu<br />
Maari Kallberg: laulu<br />
Anneli Kont-Rahtola: laulu<br />
Sirkka Kosonen: laulu<br />
Anita Lehtola: laulu<br />
Anna-Kaisa Liedes: laulu<br />
Outi Pulkkinen: laulu<br />
Pia Rask: laulu</p>
<p><strong>15. Kahen valta</strong><br />
Säv. Eila Hartikainen, san. trad.</p>
<p>Eila Hartikainen: laulu<br />
Maari Kallberg: laulu<br />
Anneli Kont-Rahtola: laulu<br />
Sirkka Kosonen: laulu<br />
Anita Lehtola: laulu<br />
Anna-Kaisa Liedes: laulu<br />
Outi Pulkkinen: laulu<br />
Pia Rask: laulu</p>

<p>MeNaiset-lauluyhtye syntyi Sibelius-Akatemian kansanmusiikin osastolla syksyllä 1992. Yhtyeen jäsenet ovat perehtyneet laajasti Suomen, sukukansojemme sekä lähialueiden laulumusiikkiin. Esikoislevyllään MeNaiset tulkitsee suomalais-ugrilaisten kansojen moniäänisiä lauluja.</p>
<p>Useimpien laulujen sävelmät ja sanat ovat peräisin arkistoäänitteiltä ja arkistomateriaalijulkaisuista. MeNaiset ei kuitenkaan pyri kopioimaan alkuperäisesityksiä, vaan jokainen laulaja pyrkii ymmärtämään kulloisenkin laulun tradition ja pistämään peliin luovuutensa ja persoonallisuutensa.</p>
<p><em>Kurt Lindblad</em></p>
