{"id":935,"date":"2020-10-21T10:43:15","date_gmt":"2020-10-21T08:43:15","guid":{"rendered":"https:\/\/etno.net\/?post_type=product&#038;p=935"},"modified":"2021-12-23T14:56:18","modified_gmt":"2021-12-23T12:56:18","slug":"sinikka-jarvinen-weisuun-riemu-ja-rajuus","status":"publish","type":"product","link":"https:\/\/etno.net\/en\/julkaisu\/aanitteet\/sinikka-jarvinen-weisuun-riemu-ja-rajuus","title":{"rendered":"Sinikka J\u00e4rvinen: Weisuun riemu ja rajuus"},"content":{"rendered":"<p>Tuottaja Sinikka J\u00e4rvinen<br \/>\n\u00c4\u00e4nitys Matti Kontio<br \/>\nMiksaus ja editointi Matti Kontio ja Sinikka J\u00e4rvinen<\/p>\n<p><strong>1. O Kriste, kunnian Kuningas<\/strong><br \/>\nS\u00e4v. trad.<\/p>\n<p>Vanhan virsikirjan virsi 263.<\/p>\n<p>Sinikka Kontio: veisuu<\/p>\n<p><strong>2. Herraa hyv\u00e4\u00e4 kiitt\u00e4k\u00e4\u00e4<\/strong><br \/>\nS\u00e4v. Sinikka Kontio, trad., sov. K. Penttil\u00e4.<\/p>\n<p>Virsi 332.<\/p>\n<p>Esitt\u00e4j\u00e4n\u00e4 lis\u00e4ksi Her\u00e4tt\u00e4j\u00e4-Yhdistyksen valtakunnallinen kuoro.<\/p>\n<p>Pentti Hannula: veisuu<br \/>\nEsko Jaakola: veisuu<br \/>\nSinikka Kontio: kantele<br \/>\nKusti Vilkuna: veisuu<\/p>\n<p><strong>3. Minun sielun&#8217; kiit\u00e4 Herraa<\/strong><\/p>\n<!--[if lt IE 9]><script>document.createElement('audio');<\/script><![endif]-->\n<audio class=\"wp-audio-shortcode\" id=\"audio-935-1\" preload=\"none\" style=\"width: 100%;\" controls=\"controls\"><source type=\"audio\/mpeg\" src=\"https:\/\/etno.net\/wp-content\/uploads\/2020\/10\/etn_fcd_011_011_sou_003_prv.mp3?_=1\" \/><a href=\"https:\/\/etno.net\/wp-content\/uploads\/2020\/10\/etn_fcd_011_011_sou_003_prv.mp3\">https:\/\/etno.net\/wp-content\/uploads\/2020\/10\/etn_fcd_011_011_sou_003_prv.mp3<\/a><\/audio>\n<p>S\u00e4v. trad.<\/p>\n<p>Vvk 76.<\/p>\n<p>Sinikka Kontio: veisuu<\/p>\n<p><strong>4. Ole k\u00e4rsiw\u00e4, n\u00f6yr\u00e4 ja siwi\u00e4<\/strong><br \/>\nS\u00e4v. trad.<\/p>\n<p>Vvk 269.<\/p>\n<p>Matti Tyhtil\u00e4: veisuu (arkisto\u00e4\u00e4nite)<\/p>\n<p><strong>5. Ole k\u00e4rsiw\u00e4, n\u00f6yr\u00e4 ja siwi\u00e4<\/strong><\/p>\n<audio class=\"wp-audio-shortcode\" id=\"audio-935-2\" preload=\"none\" style=\"width: 100%;\" controls=\"controls\"><source type=\"audio\/mpeg\" src=\"https:\/\/etno.net\/wp-content\/uploads\/2020\/10\/etn_fcd_011_011_sou_005_prv.mp3?_=2\" \/><a href=\"https:\/\/etno.net\/wp-content\/uploads\/2020\/10\/etn_fcd_011_011_sou_005_prv.mp3\">https:\/\/etno.net\/wp-content\/uploads\/2020\/10\/etn_fcd_011_011_sou_005_prv.mp3<\/a><\/audio>\n<p>S\u00e4v. Sinikka Kontio, sov. Sinikka Kontio.<\/p>\n<p>Vvk 269.<\/p>\n<p>Esitt\u00e4j\u00e4n\u00e4 lis\u00e4ksi Haapaveden kamariorkesteri, johtajana Timo Hannula.<\/p>\n<p>Sinikka Kontio: kantele<\/p>\n<p><strong>6. Waiwainen walitan waikiast&#8217;<\/strong><br \/>\nS\u00e4v. trad.<\/p>\n<p>Vvk 256.<\/p>\n<p>Sinikka Kontio: veisuu<\/p>\n<p><strong>7. Tyk\u00f6s&#8217; Herra Jesu Kriste<\/strong><\/p>\n<audio class=\"wp-audio-shortcode\" id=\"audio-935-3\" preload=\"none\" style=\"width: 100%;\" controls=\"controls\"><source type=\"audio\/mpeg\" src=\"https:\/\/etno.net\/wp-content\/uploads\/2020\/10\/etn_fcd_011_011_sou_007_prv.mp3?_=3\" \/><a href=\"https:\/\/etno.net\/wp-content\/uploads\/2020\/10\/etn_fcd_011_011_sou_007_prv.mp3\">https:\/\/etno.net\/wp-content\/uploads\/2020\/10\/etn_fcd_011_011_sou_007_prv.mp3<\/a><\/audio>\n<p>S\u00e4v. trad., sov. Sinikka Kontio.<\/p>\n<p>Vvk 247.<\/p>\n<p>Esitt\u00e4j\u00e4n\u00e4 lis\u00e4ksi Her\u00e4tt\u00e4j\u00e4-Yhdistyksen valtakunnallinen kuoro.<\/p>\n<p>Tapio Hautala: veisuu<br \/>\nSinikka Kontio: kantele<br \/>\nHannu Mattila: veisuu<br \/>\nV\u00e4in\u00f6 Tiihonen: veisuu<\/p>\n<p><strong>8. Jesuksen kuollo wiatoin<\/strong><br \/>\nS\u00e4v. Sinikka Kontio, Martti Pokela, sov. Sinikka Kontio, Martti Pokela.<\/p>\n<p>Vvk 20.<\/p>\n<p>Esitt\u00e4j\u00e4n\u00e4 lis\u00e4ksi Her\u00e4tt\u00e4j\u00e4-Yhdistyksen valtakunnallinen kuoro.<\/p>\n<p>Sinikka Kontio: kantele<\/p>\n<p><strong>9. Waiwainen walitan waikiast&#8217;<\/strong><br \/>\nS\u00e4v. Sinikka Kontio, Matti Kontio, sov. Sinikka Kontio, Matti Kontio.<\/p>\n<p>Vvk 256.<\/p>\n<p>Sinikka Kontio: kantele<br \/>\nMatti Kontio: kantele<\/p>\n","protected":false},"excerpt":{"rendered":"<p>Veisuu on minulle musiikkina kaikkea: iloa, voimaa, rajuutta, herkkyytt\u00e4, kovuutta, rumuutta. Suomessa virsien veisuu on vuosisatojen aikana ollut sek\u00e4 tiukassa kontrollissa ett\u00e4 v\u00e4lill\u00e4 villin\u00e4 vapaana kansan keskuudessa. T\u00e4t\u00e4 villiytt\u00e4 saatiin talteen viime vuosisadalla muistiin kirjoittaen ja t\u00e4ll\u00e4 vuosisadalla lis\u00e4ksi \u00e4\u00e4ninauhoille.<\/p>\n<p>Virsikirjoissamme tuosta kansan s\u00e4vellysty\u00f6st\u00e4 on h\u00e4iv\u00e4hdys niiss\u00e4 paikoin, joissa melodiasta sanotaan, ett\u00e4 se on toisinto esim. Lapualta. Professori Erkki Ala-K\u00f6nni, virsien keruuty\u00f6n sankari, on tavannut kymmeni\u00e4 sooloveisaajia ja \u00e4\u00e4nitt\u00e4nyt satoja virsi\u00e4 1940-luvulta l\u00e4htien. N\u00e4iden nauhoitteiden ja nykyp\u00e4iv\u00e4n veisaajien innoittamana syntyi t\u00e4m\u00e4n levyn kokonaisuus.<\/p>\n<p>Virret ovat ns. Vanhan virsikirjan virsi\u00e4. Niit\u00e4 soittamalla, veisaamalla ja toisia veisuuttamalla yrit\u00e4n v\u00e4litt\u00e4\u00e4 jotain niist\u00e4 voimakkaista el\u00e4myksist\u00e4, joita vanhojen virsien veisaajat ovat persoonallisuudellaan minulle antaneet ja &#8221;kaataneet kanveesiin&#8221;, kuten musiikkineuvos, kanttori V\u00e4in\u00f6 Viitasalo maaliskuussa 1995 osuvasti kuvasi omaa kokemustaan her\u00e4nn\u00e4isveisuun kohtaamisesta.<\/p>\n<p><em>Sinikka J\u00e4rvinen<\/em><\/p>","protected":false},"featured_media":939,"comment_status":"closed","ping_status":"closed","template":"","meta":{"_acf_changed":false},"product_brand":[],"product_cat":[65],"product_tag":[],"class_list":{"0":"post-935","1":"product","2":"type-product","3":"status-publish","4":"has-post-thumbnail","6":"product_cat-aanitteet","8":"first","9":"instock","10":"shipping-taxable","11":"product-type-simple"},"acf":[],"_links":{"self":[{"href":"https:\/\/etno.net\/en\/wp-json\/wp\/v2\/product\/935","targetHints":{"allow":["GET"]}}],"collection":[{"href":"https:\/\/etno.net\/en\/wp-json\/wp\/v2\/product"}],"about":[{"href":"https:\/\/etno.net\/en\/wp-json\/wp\/v2\/types\/product"}],"replies":[{"embeddable":true,"href":"https:\/\/etno.net\/en\/wp-json\/wp\/v2\/comments?post=935"}],"wp:featuredmedia":[{"embeddable":true,"href":"https:\/\/etno.net\/en\/wp-json\/wp\/v2\/media\/939"}],"wp:attachment":[{"href":"https:\/\/etno.net\/en\/wp-json\/wp\/v2\/media?parent=935"}],"wp:term":[{"taxonomy":"product_brand","embeddable":true,"href":"https:\/\/etno.net\/en\/wp-json\/wp\/v2\/product_brand?post=935"},{"taxonomy":"product_cat","embeddable":true,"href":"https:\/\/etno.net\/en\/wp-json\/wp\/v2\/product_cat?post=935"},{"taxonomy":"product_tag","embeddable":true,"href":"https:\/\/etno.net\/en\/wp-json\/wp\/v2\/product_tag?post=935"}],"curies":[{"name":"wp","href":"https:\/\/api.w.org\/{rel}","templated":true}]}}

Sinikka Järvinen: Weisuun riemu ja rajuus

<p>Tuottaja Sinikka Järvinen<br />
Äänitys Matti Kontio<br />
Miksaus ja editointi Matti Kontio ja Sinikka Järvinen</p>
<p><strong>1. O Kriste, kunnian Kuningas</strong><br />
Säv. trad.</p>
<p>Vanhan virsikirjan virsi 263.</p>
<p>Sinikka Kontio: veisuu</p>
<p><strong>2. Herraa hyvää kiittäkää</strong><br />
Säv. Sinikka Kontio, trad., sov. K. Penttilä.</p>
<p>Virsi 332.</p>
<p>Esittäjänä lisäksi Herättäjä-Yhdistyksen valtakunnallinen kuoro.</p>
<p>Pentti Hannula: veisuu<br />
Esko Jaakola: veisuu<br />
Sinikka Kontio: kantele<br />
Kusti Vilkuna: veisuu</p>
<p><strong>3. Minun sielun&#8217; kiitä Herraa</strong></p>
<!--[if lt IE 9]><script>document.createElement('audio');</script><![endif]-->
<audio class="wp-audio-shortcode" id="audio-935-1" preload="none" style="width: 100%;" controls="controls"><source type="audio/mpeg" src="https://etno.net/wp-content/uploads/2020/10/etn_fcd_011_011_sou_003_prv.mp3?_=1" /><a href="https://etno.net/wp-content/uploads/2020/10/etn_fcd_011_011_sou_003_prv.mp3">https://etno.net/wp-content/uploads/2020/10/etn_fcd_011_011_sou_003_prv.mp3</a></audio>
<p>Säv. trad.</p>
<p>Vvk 76.</p>
<p>Sinikka Kontio: veisuu</p>
<p><strong>4. Ole kärsiwä, nöyrä ja siwiä</strong><br />
Säv. trad.</p>
<p>Vvk 269.</p>
<p>Matti Tyhtilä: veisuu (arkistoäänite)</p>
<p><strong>5. Ole kärsiwä, nöyrä ja siwiä</strong></p>
<audio class="wp-audio-shortcode" id="audio-935-2" preload="none" style="width: 100%;" controls="controls"><source type="audio/mpeg" src="https://etno.net/wp-content/uploads/2020/10/etn_fcd_011_011_sou_005_prv.mp3?_=2" /><a href="https://etno.net/wp-content/uploads/2020/10/etn_fcd_011_011_sou_005_prv.mp3">https://etno.net/wp-content/uploads/2020/10/etn_fcd_011_011_sou_005_prv.mp3</a></audio>
<p>Säv. Sinikka Kontio, sov. Sinikka Kontio.</p>
<p>Vvk 269.</p>
<p>Esittäjänä lisäksi Haapaveden kamariorkesteri, johtajana Timo Hannula.</p>
<p>Sinikka Kontio: kantele</p>
<p><strong>6. Waiwainen walitan waikiast&#8217;</strong><br />
Säv. trad.</p>
<p>Vvk 256.</p>
<p>Sinikka Kontio: veisuu</p>
<p><strong>7. Tykös&#8217; Herra Jesu Kriste</strong></p>
<audio class="wp-audio-shortcode" id="audio-935-3" preload="none" style="width: 100%;" controls="controls"><source type="audio/mpeg" src="https://etno.net/wp-content/uploads/2020/10/etn_fcd_011_011_sou_007_prv.mp3?_=3" /><a href="https://etno.net/wp-content/uploads/2020/10/etn_fcd_011_011_sou_007_prv.mp3">https://etno.net/wp-content/uploads/2020/10/etn_fcd_011_011_sou_007_prv.mp3</a></audio>
<p>Säv. trad., sov. Sinikka Kontio.</p>
<p>Vvk 247.</p>
<p>Esittäjänä lisäksi Herättäjä-Yhdistyksen valtakunnallinen kuoro.</p>
<p>Tapio Hautala: veisuu<br />
Sinikka Kontio: kantele<br />
Hannu Mattila: veisuu<br />
Väinö Tiihonen: veisuu</p>
<p><strong>8. Jesuksen kuollo wiatoin</strong><br />
Säv. Sinikka Kontio, Martti Pokela, sov. Sinikka Kontio, Martti Pokela.</p>
<p>Vvk 20.</p>
<p>Esittäjänä lisäksi Herättäjä-Yhdistyksen valtakunnallinen kuoro.</p>
<p>Sinikka Kontio: kantele</p>
<p><strong>9. Waiwainen walitan waikiast&#8217;</strong><br />
Säv. Sinikka Kontio, Matti Kontio, sov. Sinikka Kontio, Matti Kontio.</p>
<p>Vvk 256.</p>
<p>Sinikka Kontio: kantele<br />
Matti Kontio: kantele</p>

<p>Veisuu on minulle musiikkina kaikkea: iloa, voimaa, rajuutta, herkkyyttä, kovuutta, rumuutta. Suomessa virsien veisuu on vuosisatojen aikana ollut sekä tiukassa kontrollissa että välillä villinä vapaana kansan keskuudessa. Tätä villiyttä saatiin talteen viime vuosisadalla muistiin kirjoittaen ja tällä vuosisadalla lisäksi ääninauhoille.</p>
<p>Virsikirjoissamme tuosta kansan sävellystyöstä on häivähdys niissä paikoin, joissa melodiasta sanotaan, että se on toisinto esim. Lapualta. Professori Erkki Ala-Könni, virsien keruutyön sankari, on tavannut kymmeniä sooloveisaajia ja äänittänyt satoja virsiä 1940-luvulta lähtien. Näiden nauhoitteiden ja nykypäivän veisaajien innoittamana syntyi tämän levyn kokonaisuus.</p>
<p>Virret ovat ns. Vanhan virsikirjan virsiä. Niitä soittamalla, veisaamalla ja toisia veisuuttamalla yritän välittää jotain niistä voimakkaista elämyksistä, joita vanhojen virsien veisaajat ovat persoonallisuudellaan minulle antaneet ja &#8221;kaataneet kanveesiin&#8221;, kuten musiikkineuvos, kanttori Väinö Viitasalo maaliskuussa 1995 osuvasti kuvasi omaa kokemustaan herännäisveisuun kohtaamisesta.</p>
<p><em>Sinikka Järvinen</em></p>
